{"id":1096,"date":"2025-08-31T00:00:00","date_gmt":"2025-08-31T00:00:00","guid":{"rendered":"https:\/\/ekw.ch\/?page_id=1096"},"modified":"2025-08-29T08:50:34","modified_gmt":"2025-08-29T08:50:34","slug":"strompreise-2026","status":"publish","type":"page","link":"https:\/\/ekw.ch\/?page_id=1096","title":{"rendered":"Strompreise 2026"},"content":{"rendered":"\n<p class=\"wp-block-paragraph\">Hier finden Sie die Preisbl\u00e4tter f\u00fcrs Jahr <strong>2026<\/strong><\/p>\n\n\n\n<h4 class=\"wp-block-heading\">Bez\u00fcger bis 50&#8217;000 kWh \/ Jahr<\/h4>\n\n\n\n<div class=\"wp-block-file\"><a id=\"wp-block-file--media-567fba26-81f9-405d-91c4-d570325acbf4\" href=\"https:\/\/ekw.ch\/wp-content\/uploads\/2025\/08\/20260101_EKw-Basic_CH.pdf\" target=\"_blank\" rel=\"noreferrer noopener\">EKw-Basic 2026<\/a><\/div>\n\n\n\n<p class=\"wp-block-paragraph\"><\/p>\n\n\n\n<h4 class=\"wp-block-heading\">Bez\u00fcger mit steuerbarer Leistung (W\u00e4rmepumpen)<\/h4>\n\n\n\n<div class=\"wp-block-file\"><a id=\"wp-block-file--media-12d5c29d-21a9-4595-b591-0b0dee8dbff7\" href=\"https:\/\/ekw.ch\/wp-content\/uploads\/2025\/08\/20260101_EKw-PHP_CH.pdf\" target=\"_blank\" rel=\"noreferrer noopener\">EKw-PHP 2026<\/a><\/div>\n\n\n\n<p class=\"wp-block-paragraph\"><\/p>\n\n\n\n<h4 class=\"wp-block-heading\">Gewerbe- und Industriekunden<\/h4>\n\n\n\n<div class=\"wp-block-file\"><a id=\"wp-block-file--media-8f3c6e75-fc00-4b4c-8681-2773ccbe90e1\" href=\"https:\/\/ekw.ch\/wp-content\/uploads\/2025\/08\/20260101_EKw-INS_CHKern.pdf\" target=\"_blank\" rel=\"noreferrer noopener\">EKw-INS 2026<\/a><\/div>\n\n\n\n<div class=\"wp-block-file\"><a id=\"wp-block-file--media-9ca7ae66-5bb0-4fbb-aa60-bb291377cf49\" href=\"https:\/\/ekw.ch\/wp-content\/uploads\/2025\/08\/20260101_EKw-INS_plus_CHKern.pdf\" target=\"_blank\" rel=\"noreferrer noopener\">EKw-INS plus 2026<\/a><\/div>\n\n\n\n<div class=\"wp-block-file\"><a id=\"wp-block-file--media-9af1a17f-b7bb-43f6-bc56-b6404a8d6106\" href=\"https:\/\/ekw.ch\/wp-content\/uploads\/2025\/08\/20260101_EKw-IMS_NN.pdf\" target=\"_blank\" rel=\"noreferrer noopener\">EKw-IMS NN 2026<\/a><\/div>\n\n\n\n<p class=\"wp-block-paragraph\"><\/p>\n\n\n\n<h4 class=\"wp-block-heading\">Spezielle Bezugsverh\u00e4ltnisse<\/h4>\n\n\n\n<div class=\"wp-block-file\"><a id=\"wp-block-file--media-c916ded3-9cc4-4b30-8807-dfdd29aa3a57\" href=\"https:\/\/ekw.ch\/wp-content\/uploads\/2025\/08\/20260101_EKw-Construction_CH.pdf\" target=\"_blank\" rel=\"noreferrer noopener\">EKw-Construction 2026<\/a><\/div>\n\n\n\n<div class=\"wp-block-file\"><a id=\"wp-block-file--media-1cfea8b1-8fd2-4ceb-9347-0602610dbda6\" href=\"https:\/\/ekw.ch\/wp-content\/uploads\/2025\/08\/20260101_EKw-Construction_BAK_CH.pdf\" target=\"_blank\" rel=\"noreferrer noopener\">EKw-Construction BAK 2026<\/a><\/div>\n\n\n\n<div class=\"wp-block-file\"><a id=\"wp-block-file--media-658ae16a-2a9c-43e3-b374-495f2cc4d5e6\" href=\"https:\/\/ekw.ch\/wp-content\/uploads\/2025\/08\/20260101_EKw-lighting_CH.pdf\" target=\"_blank\" rel=\"noreferrer noopener\">EKw-lighting 2026<\/a><\/div>\n\n\n\n<p class=\"wp-block-paragraph\"><\/p>\n\n\n\n<h4 class=\"wp-block-heading\">R\u00fccklieferungsverg\u00fctung<\/h4>\n\n\n\n<div class=\"wp-block-file\"><a id=\"wp-block-file--media-91cbeb3f-68ab-4b35-91d7-c9256dc1e51c\" href=\"https:\/\/ekw.ch\/wp-content\/uploads\/2025\/08\/20260101_EKw-Feed_CH_kleiner_30kWp.pdf\" target=\"_blank\" rel=\"noreferrer noopener\">EKw-Feed &lt;30kWp 2026<\/a><\/div>\n\n\n\n<div class=\"wp-block-file\"><a id=\"wp-block-file--media-73b92aef-1db0-4f82-8ed4-09828de3d076\" href=\"https:\/\/ekw.ch\/wp-content\/uploads\/2025\/08\/20260101_EKw-Feed_CH_30-150kWp_ohne_Eigenverbrauch.pdf\" target=\"_blank\" rel=\"noreferrer noopener\">EKw-Feed \u226530 bis &lt;150kWp ohne Eigenverbrauch 2026<\/a><\/div>\n\n\n\n<div class=\"wp-block-file\"><a id=\"wp-block-file--media-75fea1c1-2fee-460f-ba77-23e8e671d0f0\" href=\"https:\/\/ekw.ch\/wp-content\/uploads\/2025\/08\/20260101_EKw-Feed_CH_30-150kWp_mit_Eigenverbrauch.pdf\" target=\"_blank\" rel=\"noreferrer noopener\">EKw-Feed \u226530 bis &lt;150kWp mit Eigenverbrauch 2026<\/a><\/div>\n\n\n\n<div class=\"wp-block-file\"><a id=\"wp-block-file--media-63b8d3c5-b5a2-4422-9c2c-1510c7c45b29\" href=\"https:\/\/ekw.ch\/wp-content\/uploads\/2025\/08\/20260101_EKw-Feed_CH_ab_150kWp.pdf\" target=\"_blank\" rel=\"noreferrer noopener\">EKw-Feed \u2265150kWp 2026<\/a><\/div>\n\n\n\n<p class=\"wp-block-paragraph\"><\/p>\n\n\n\n<h4 class=\"wp-block-heading\">Eigenverbrauchsgemeinschaften<\/h4>\n\n\n\n<p class=\"wp-block-paragraph\"><\/p>\n\n\n\n<h4 class=\"wp-block-heading\">Kundeninformation zur Strompreisrechnung<\/h4>\n\n\n\n<div class=\"wp-block-file\"><a id=\"wp-block-file--media-a28a5670-c69e-4020-bc08-b88bab2af109\" href=\"https:\/\/ekw.ch\/wp-content\/uploads\/2025\/08\/20250826_EKw_Kundeninformation_Strompreis_2026_final.pdf\" target=\"_blank\" rel=\"noreferrer noopener\">Kundeninformation Strompreis 2026<\/a><\/div>\n\n\n\n<p class=\"wp-block-paragraph\"><\/p>\n\n\n\n<p class=\"wp-block-paragraph\"><\/p>\n","protected":false},"excerpt":{"rendered":"<p>Hier finden Sie die Preisbl\u00e4tter f\u00fcrs Jahr 2026 Bez\u00fcger bis 50&#8217;000 kWh \/ Jahr Bez\u00fcger mit steuerbarer Leistung (W\u00e4rmepumpen) Gewerbe- und Industriekunden Spezielle Bezugsverh\u00e4ltnisse R\u00fccklieferungsverg\u00fctung Eigenverbrauchsgemeinschaften Kundeninformation zur Strompreisrechnung<\/p>\n","protected":false},"author":3,"featured_media":0,"parent":0,"menu_order":0,"comment_status":"closed","ping_status":"closed","template":"","meta":{"_acf_changed":false,"footnotes":""},"class_list":["post-1096","page","type-page","status-publish","hentry"],"acf":[],"jetpack_sharing_enabled":true,"publishpress_future_action":{"enabled":false,"date":"2026-09-08 07:24:58","action":"change-status","newStatus":"draft","terms":[],"taxonomy":"","extraData":[]},"publishpress_future_workflow_manual_trigger":{"enabledWorkflows":[]},"_links":{"self":[{"href":"https:\/\/ekw.ch\/index.php?rest_route=\/wp\/v2\/pages\/1096","targetHints":{"allow":["GET"]}}],"collection":[{"href":"https:\/\/ekw.ch\/index.php?rest_route=\/wp\/v2\/pages"}],"about":[{"href":"https:\/\/ekw.ch\/index.php?rest_route=\/wp\/v2\/types\/page"}],"author":[{"embeddable":true,"href":"https:\/\/ekw.ch\/index.php?rest_route=\/wp\/v2\/users\/3"}],"replies":[{"embeddable":true,"href":"https:\/\/ekw.ch\/index.php?rest_route=%2Fwp%2Fv2%2Fcomments&post=1096"}],"version-history":[{"count":24,"href":"https:\/\/ekw.ch\/index.php?rest_route=\/wp\/v2\/pages\/1096\/revisions"}],"predecessor-version":[{"id":1378,"href":"https:\/\/ekw.ch\/index.php?rest_route=\/wp\/v2\/pages\/1096\/revisions\/1378"}],"wp:attachment":[{"href":"https:\/\/ekw.ch\/index.php?rest_route=%2Fwp%2Fv2%2Fmedia&parent=1096"}],"curies":[{"name":"wp","href":"https:\/\/api.w.org\/{rel}","templated":true}]}}

<p class="wp-block-paragraph">Hier finden Sie die Preisblätter fürs Jahr <strong>2026</strong></p>



<h4 class="wp-block-heading">Bezüger bis 50&#8217;000 kWh / Jahr</h4>



<div class="wp-block-file"><a id="wp-block-file--media-567fba26-81f9-405d-91c4-d570325acbf4" href="https://ekw.ch/wp-content/uploads/2025/08/20260101_EKw-Basic_CH.pdf" target="_blank" rel="noreferrer noopener">EKw-Basic 2026</a></div>



<p class="wp-block-paragraph"></p>



<h4 class="wp-block-heading">Bezüger mit steuerbarer Leistung (Wärmepumpen)</h4>



<div class="wp-block-file"><a id="wp-block-file--media-12d5c29d-21a9-4595-b591-0b0dee8dbff7" href="https://ekw.ch/wp-content/uploads/2025/08/20260101_EKw-PHP_CH.pdf" target="_blank" rel="noreferrer noopener">EKw-PHP 2026</a></div>



<p class="wp-block-paragraph"></p>



<h4 class="wp-block-heading">Gewerbe- und Industriekunden</h4>



<div class="wp-block-file"><a id="wp-block-file--media-8f3c6e75-fc00-4b4c-8681-2773ccbe90e1" href="https://ekw.ch/wp-content/uploads/2025/08/20260101_EKw-INS_CHKern.pdf" target="_blank" rel="noreferrer noopener">EKw-INS 2026</a></div>



<div class="wp-block-file"><a id="wp-block-file--media-9ca7ae66-5bb0-4fbb-aa60-bb291377cf49" href="https://ekw.ch/wp-content/uploads/2025/08/20260101_EKw-INS_plus_CHKern.pdf" target="_blank" rel="noreferrer noopener">EKw-INS plus 2026</a></div>



<div class="wp-block-file"><a id="wp-block-file--media-9af1a17f-b7bb-43f6-bc56-b6404a8d6106" href="https://ekw.ch/wp-content/uploads/2025/08/20260101_EKw-IMS_NN.pdf" target="_blank" rel="noreferrer noopener">EKw-IMS NN 2026</a></div>



<p class="wp-block-paragraph"></p>



<h4 class="wp-block-heading">Spezielle Bezugsverhältnisse</h4>



<div class="wp-block-file"><a id="wp-block-file--media-c916ded3-9cc4-4b30-8807-dfdd29aa3a57" href="https://ekw.ch/wp-content/uploads/2025/08/20260101_EKw-Construction_CH.pdf" target="_blank" rel="noreferrer noopener">EKw-Construction 2026</a></div>



<div class="wp-block-file"><a id="wp-block-file--media-1cfea8b1-8fd2-4ceb-9347-0602610dbda6" href="https://ekw.ch/wp-content/uploads/2025/08/20260101_EKw-Construction_BAK_CH.pdf" target="_blank" rel="noreferrer noopener">EKw-Construction BAK 2026</a></div>



<div class="wp-block-file"><a id="wp-block-file--media-658ae16a-2a9c-43e3-b374-495f2cc4d5e6" href="https://ekw.ch/wp-content/uploads/2025/08/20260101_EKw-lighting_CH.pdf" target="_blank" rel="noreferrer noopener">EKw-lighting 2026</a></div>



<p class="wp-block-paragraph"></p>



<h4 class="wp-block-heading">Rücklieferungsvergütung</h4>



<div class="wp-block-file"><a id="wp-block-file--media-91cbeb3f-68ab-4b35-91d7-c9256dc1e51c" href="https://ekw.ch/wp-content/uploads/2025/08/20260101_EKw-Feed_CH_kleiner_30kWp.pdf" target="_blank" rel="noreferrer noopener">EKw-Feed &lt;30kWp 2026</a></div>



<div class="wp-block-file"><a id="wp-block-file--media-73b92aef-1db0-4f82-8ed4-09828de3d076" href="https://ekw.ch/wp-content/uploads/2025/08/20260101_EKw-Feed_CH_30-150kWp_ohne_Eigenverbrauch.pdf" target="_blank" rel="noreferrer noopener">EKw-Feed ≥30 bis &lt;150kWp ohne Eigenverbrauch 2026</a></div>



<div class="wp-block-file"><a id="wp-block-file--media-75fea1c1-2fee-460f-ba77-23e8e671d0f0" href="https://ekw.ch/wp-content/uploads/2025/08/20260101_EKw-Feed_CH_30-150kWp_mit_Eigenverbrauch.pdf" target="_blank" rel="noreferrer noopener">EKw-Feed ≥30 bis &lt;150kWp mit Eigenverbrauch 2026</a></div>



<div class="wp-block-file"><a id="wp-block-file--media-63b8d3c5-b5a2-4422-9c2c-1510c7c45b29" href="https://ekw.ch/wp-content/uploads/2025/08/20260101_EKw-Feed_CH_ab_150kWp.pdf" target="_blank" rel="noreferrer noopener">EKw-Feed ≥150kWp 2026</a></div>



<p class="wp-block-paragraph"></p>



<h4 class="wp-block-heading">Eigenverbrauchsgemeinschaften</h4>



<p class="wp-block-paragraph"></p>



<h4 class="wp-block-heading">Kundeninformation zur Strompreisrechnung</h4>



<div class="wp-block-file"><a id="wp-block-file--media-a28a5670-c69e-4020-bc08-b88bab2af109" href="https://ekw.ch/wp-content/uploads/2025/08/20250826_EKw_Kundeninformation_Strompreis_2026_final.pdf" target="_blank" rel="noreferrer noopener">Kundeninformation Strompreis 2026</a></div>



<p class="wp-block-paragraph"></p>



<p class="wp-block-paragraph"></p>

<p>Hier finden Sie die Preisblätter fürs Jahr 2026 Bezüger bis 50&#8217;000 kWh / Jahr Bezüger mit steuerbarer Leistung (Wärmepumpen) Gewerbe- und Industriekunden Spezielle Bezugsverhältnisse Rücklieferungsvergütung Eigenverbrauchsgemeinschaften Kundeninformation zur Strompreisrechnung</p>
