{"id":1374,"date":"2026-08-31T09:54:02","date_gmt":"2026-08-31T07:54:02","guid":{"rendered":"https:\/\/ekw.ch\/?page_id=1374"},"modified":"2026-08-31T10:27:05","modified_gmt":"2026-08-31T08:27:05","slug":"strompreise-2027","status":"publish","type":"page","link":"https:\/\/ekw.ch\/?page_id=1374","title":{"rendered":"Strompreise 2027"},"content":{"rendered":"\n<p class=\"wp-block-paragraph\"><a href=\"https:\/\/ekw.ch\/?page_id=321\" data-type=\"page\" data-id=\"321\">Aktuelles<\/a><\/p>\n\n\n\n<p class=\"wp-block-paragraph\">Hier finden Sie die Preisbl\u00e4tter f\u00fcrs Jahr <strong>2027<\/strong><\/p>\n\n\n\n<h4 class=\"wp-block-heading\">Bez\u00fcger bis 50&#8217;000 kWh \/ Jahr<\/h4>\n\n\n\n<div class=\"wp-block-file\"><a id=\"wp-block-file--media-d9c82639-73cd-43dd-84f0-a6d24735f333\" href=\"https:\/\/ekw.ch\/wp-content\/uploads\/2026\/08\/20270101_EKw-Basic_CH.pdf\" target=\"_blank\" rel=\"noreferrer noopener\">EKw-Basic 2027<\/a><\/div>\n\n\n\n<p class=\"wp-block-paragraph\"><\/p>\n\n\n\n<h4 class=\"wp-block-heading\">Bez\u00fcger mit steuerbarer Leistung (W\u00e4rmepumpen)<\/h4>\n\n\n\n<div class=\"wp-block-file\"><a id=\"wp-block-file--media-25cbc48e-a5a5-4fab-b8e3-79c9d098116b\" href=\"https:\/\/ekw.ch\/wp-content\/uploads\/2026\/08\/20270101_EKw-PHP_CH.pdf\" target=\"_blank\" rel=\"noreferrer noopener\">EKw-PHP 2027<\/a><\/div>\n\n\n\n<p class=\"wp-block-paragraph\"><\/p>\n\n\n\n<h4 class=\"wp-block-heading\">Gewerbe- und Industriekunden<\/h4>\n\n\n\n<div class=\"wp-block-file\"><a id=\"wp-block-file--media-5ad28e49-23b3-4cf0-adc2-76d7d6c739e4\" href=\"https:\/\/ekw.ch\/wp-content\/uploads\/2026\/08\/20270101_EKw-INS_CHKern.pdf\" target=\"_blank\" rel=\"noreferrer noopener\">EKw-INS Kern 2027<\/a><\/div>\n\n\n\n<div class=\"wp-block-file\"><a id=\"wp-block-file--media-35627a5b-42eb-4f60-b141-e495e23ff39e\" href=\"https:\/\/ekw.ch\/wp-content\/uploads\/2026\/08\/20270101_EKw-INS_plus_CHKern.pdf\" target=\"_blank\" rel=\"noreferrer noopener\">EKw-INS plus Kern 2027<\/a><\/div>\n\n\n\n<div class=\"wp-block-file\"><a id=\"wp-block-file--media-92837b68-d7ce-4cb2-b370-1bb962277155\" href=\"https:\/\/ekw.ch\/wp-content\/uploads\/2026\/08\/20270101_EKw-INS_plus_NN.pdf\" target=\"_blank\" rel=\"noreferrer noopener\">EKw-INS plus NN 2027<\/a><\/div>\n\n\n\n<div class=\"wp-block-file\"><a id=\"wp-block-file--media-023fb3d8-c299-4430-a4c4-22255b4aa4ab\" href=\"https:\/\/ekw.ch\/wp-content\/uploads\/2026\/08\/20270101_EKw-IMS_NN.pdf\" target=\"_blank\" rel=\"noreferrer noopener\">EKw-IMS NN 2027<\/a><\/div>\n\n\n\n<p class=\"wp-block-paragraph\"><\/p>\n\n\n\n<h4 class=\"wp-block-heading\">Spezielle Bezugsverh\u00e4ltnisse<\/h4>\n\n\n\n<div class=\"wp-block-file\"><a id=\"wp-block-file--media-6de63d30-e504-4c29-94ad-2b4fd51360fe\" href=\"https:\/\/ekw.ch\/wp-content\/uploads\/2026\/08\/20270101_EKw-Construction_CH.pdf\" target=\"_blank\" rel=\"noreferrer noopener\">EKw-Construction 2027<\/a><\/div>\n\n\n\n<div class=\"wp-block-file\"><a id=\"wp-block-file--media-d5e9fb66-80c1-4402-9b6e-f49253d8f65a\" href=\"https:\/\/ekw.ch\/wp-content\/uploads\/2026\/08\/20270101_EKw-Construction_BAK_CH.pdf\" target=\"_blank\" rel=\"noreferrer noopener\">EKw-Construction BAK 2027<\/a><\/div>\n\n\n\n<div class=\"wp-block-file\"><a id=\"wp-block-file--media-582dc2e2-08e6-4f83-a6ee-d02d5eead8c5\" href=\"https:\/\/ekw.ch\/wp-content\/uploads\/2026\/08\/20270101_EKw-lighting_CH.pdf\" target=\"_blank\" rel=\"noreferrer noopener\">EKw-lighting 2027<\/a><\/div>\n\n\n\n<p class=\"wp-block-paragraph\"><\/p>\n\n\n\n<h4 class=\"wp-block-heading\">R\u00fccklieferungsverg\u00fctung<\/h4>\n\n\n\n<div class=\"wp-block-file\"><a id=\"wp-block-file--media-57ef18ad-d550-4a90-9b35-943f113dd6dc\" href=\"https:\/\/ekw.ch\/wp-content\/uploads\/2026\/08\/20270101_EKw-Feed_CH_kleiner_30kWp.pdf\" target=\"_blank\" rel=\"noreferrer noopener\">EKw-Feed_CH_<30kWp 2027<\/a><\/div>\n\n\n\n<div class=\"wp-block-file\"><a id=\"wp-block-file--media-c3b3245d-b636-4b91-8f17-4ba7c2afe6ad\" href=\"https:\/\/ekw.ch\/wp-content\/uploads\/2026\/08\/20270101_EKw-Feed_CH_30-150kWp_ohne_Eigenverbrauch.pdf\" target=\"_blank\" rel=\"noreferrer noopener\">EKw-Feed\u226530-150kWp ohne Eigenverbrauch 2027<\/a><\/div>\n\n\n\n<div class=\"wp-block-file\"><a id=\"wp-block-file--media-fa4555f7-735b-4b95-89f4-5230e4b98310\" href=\"https:\/\/ekw.ch\/wp-content\/uploads\/2026\/08\/20270101_EKw-Feed_CH_30-150kWp_mit_Eigenverbrauch.pdf\" target=\"_blank\" rel=\"noreferrer noopener\">EKw-Feed \u226530 bis <150kWp mit Eigenverbrauch 2027<\/a><\/div>\n\n\n\n<div class=\"wp-block-file\"><a id=\"wp-block-file--media-e6b9559c-c6d8-46f3-a7e1-009600043a7f\" href=\"https:\/\/ekw.ch\/wp-content\/uploads\/2026\/08\/20270101_EKw-Feed_CH_ab_150kWp.pdf\" target=\"_blank\" rel=\"noreferrer noopener\">EKw-Feed \u2265150kWp 2027<\/a><\/div>\n\n\n\n<p class=\"wp-block-paragraph\"><\/p>\n\n\n\n<h4 class=\"wp-block-heading\">Eigenverbrauchsgemeinschaften<\/h4>\n\n\n\n<div class=\"wp-block-file\"><a id=\"wp-block-file--media-731070c0-e482-4aa1-81e5-562f837aa237\" href=\"https:\/\/ekw.ch\/wp-content\/uploads\/2026\/08\/20270101_EKw-EVG-vEVG.pdf\" target=\"_blank\" rel=\"noreferrer noopener\">EKw-EVG-vEVG 2027<\/a><\/div>\n\n\n\n<h4 class=\"wp-block-heading\">Kundeninformation zur Strompreisrechnung<\/h4>\n\n\n\n<div class=\"wp-block-file\"><a id=\"wp-block-file--media-152b11ca-add3-4a35-9259-16ab909c7b18\" href=\"https:\/\/ekw.ch\/wp-content\/uploads\/2026\/08\/20260831_EKw_Kundeninformation_Strompreis_2027_final.pdf\" target=\"_blank\" rel=\"noreferrer noopener\">EKw Kundeninformation Strompreis 2027<\/a><\/div>\n\n\n\n<p class=\"wp-block-paragraph\"><\/p>\n\n\n\n<p class=\"wp-block-paragraph\"><\/p>\n","protected":false},"excerpt":{"rendered":"<p>Aktuelles Hier finden Sie die Preisbl\u00e4tter f\u00fcrs Jahr 2027 Bez\u00fcger bis 50&#8217;000 kWh \/ Jahr Bez\u00fcger mit steuerbarer Leistung (W\u00e4rmepumpen) Gewerbe- und Industriekunden Spezielle Bezugsverh\u00e4ltnisse R\u00fccklieferungsverg\u00fctung Eigenverbrauchsgemeinschaften Kundeninformation zur Strompreisrechnung<\/p>\n","protected":false},"author":5,"featured_media":0,"parent":0,"menu_order":0,"comment_status":"closed","ping_status":"closed","template":"","meta":{"_acf_changed":false,"footnotes":""},"class_list":["post-1374","page","type-page","status-publish","hentry"],"acf":[],"jetpack_sharing_enabled":true,"publishpress_future_action":{"enabled":false,"date":"2026-09-08 07:23:39","action":"change-status","newStatus":"draft","terms":[],"taxonomy":"","extraData":[]},"publishpress_future_workflow_manual_trigger":{"enabledWorkflows":[]},"_links":{"self":[{"href":"https:\/\/ekw.ch\/index.php?rest_route=\/wp\/v2\/pages\/1374","targetHints":{"allow":["GET"]}}],"collection":[{"href":"https:\/\/ekw.ch\/index.php?rest_route=\/wp\/v2\/pages"}],"about":[{"href":"https:\/\/ekw.ch\/index.php?rest_route=\/wp\/v2\/types\/page"}],"author":[{"embeddable":true,"href":"https:\/\/ekw.ch\/index.php?rest_route=\/wp\/v2\/users\/5"}],"replies":[{"embeddable":true,"href":"https:\/\/ekw.ch\/index.php?rest_route=%2Fwp%2Fv2%2Fcomments&post=1374"}],"version-history":[{"count":5,"href":"https:\/\/ekw.ch\/index.php?rest_route=\/wp\/v2\/pages\/1374\/revisions"}],"predecessor-version":[{"id":1399,"href":"https:\/\/ekw.ch\/index.php?rest_route=\/wp\/v2\/pages\/1374\/revisions\/1399"}],"wp:attachment":[{"href":"https:\/\/ekw.ch\/index.php?rest_route=%2Fwp%2Fv2%2Fmedia&parent=1374"}],"curies":[{"name":"wp","href":"https:\/\/api.w.org\/{rel}","templated":true}]}}

<p class="wp-block-paragraph"><a href="https://ekw.ch/?page_id=321" data-type="page" data-id="321">Aktuelles</a></p>



<p class="wp-block-paragraph">Hier finden Sie die Preisblätter fürs Jahr <strong>2027</strong></p>



<h4 class="wp-block-heading">Bezüger bis 50&#8217;000 kWh / Jahr</h4>



<div class="wp-block-file"><a id="wp-block-file--media-d9c82639-73cd-43dd-84f0-a6d24735f333" href="https://ekw.ch/wp-content/uploads/2026/08/20270101_EKw-Basic_CH.pdf" target="_blank" rel="noreferrer noopener">EKw-Basic 2027</a></div>



<p class="wp-block-paragraph"></p>



<h4 class="wp-block-heading">Bezüger mit steuerbarer Leistung (Wärmepumpen)</h4>



<div class="wp-block-file"><a id="wp-block-file--media-25cbc48e-a5a5-4fab-b8e3-79c9d098116b" href="https://ekw.ch/wp-content/uploads/2026/08/20270101_EKw-PHP_CH.pdf" target="_blank" rel="noreferrer noopener">EKw-PHP 2027</a></div>



<p class="wp-block-paragraph"></p>



<h4 class="wp-block-heading">Gewerbe- und Industriekunden</h4>



<div class="wp-block-file"><a id="wp-block-file--media-5ad28e49-23b3-4cf0-adc2-76d7d6c739e4" href="https://ekw.ch/wp-content/uploads/2026/08/20270101_EKw-INS_CHKern.pdf" target="_blank" rel="noreferrer noopener">EKw-INS Kern 2027</a></div>



<div class="wp-block-file"><a id="wp-block-file--media-35627a5b-42eb-4f60-b141-e495e23ff39e" href="https://ekw.ch/wp-content/uploads/2026/08/20270101_EKw-INS_plus_CHKern.pdf" target="_blank" rel="noreferrer noopener">EKw-INS plus Kern 2027</a></div>



<div class="wp-block-file"><a id="wp-block-file--media-92837b68-d7ce-4cb2-b370-1bb962277155" href="https://ekw.ch/wp-content/uploads/2026/08/20270101_EKw-INS_plus_NN.pdf" target="_blank" rel="noreferrer noopener">EKw-INS plus NN 2027</a></div>



<div class="wp-block-file"><a id="wp-block-file--media-023fb3d8-c299-4430-a4c4-22255b4aa4ab" href="https://ekw.ch/wp-content/uploads/2026/08/20270101_EKw-IMS_NN.pdf" target="_blank" rel="noreferrer noopener">EKw-IMS NN 2027</a></div>



<p class="wp-block-paragraph"></p>



<h4 class="wp-block-heading">Spezielle Bezugsverhältnisse</h4>



<div class="wp-block-file"><a id="wp-block-file--media-6de63d30-e504-4c29-94ad-2b4fd51360fe" href="https://ekw.ch/wp-content/uploads/2026/08/20270101_EKw-Construction_CH.pdf" target="_blank" rel="noreferrer noopener">EKw-Construction 2027</a></div>



<div class="wp-block-file"><a id="wp-block-file--media-d5e9fb66-80c1-4402-9b6e-f49253d8f65a" href="https://ekw.ch/wp-content/uploads/2026/08/20270101_EKw-Construction_BAK_CH.pdf" target="_blank" rel="noreferrer noopener">EKw-Construction BAK 2027</a></div>



<div class="wp-block-file"><a id="wp-block-file--media-582dc2e2-08e6-4f83-a6ee-d02d5eead8c5" href="https://ekw.ch/wp-content/uploads/2026/08/20270101_EKw-lighting_CH.pdf" target="_blank" rel="noreferrer noopener">EKw-lighting 2027</a></div>



<p class="wp-block-paragraph"></p>



<h4 class="wp-block-heading">Rücklieferungsvergütung</h4>



<div class="wp-block-file"><a id="wp-block-file--media-57ef18ad-d550-4a90-9b35-943f113dd6dc" href="https://ekw.ch/wp-content/uploads/2026/08/20270101_EKw-Feed_CH_kleiner_30kWp.pdf" target="_blank" rel="noreferrer noopener">EKw-Feed_CH_<30kWp 2027</a></div>



<div class="wp-block-file"><a id="wp-block-file--media-c3b3245d-b636-4b91-8f17-4ba7c2afe6ad" href="https://ekw.ch/wp-content/uploads/2026/08/20270101_EKw-Feed_CH_30-150kWp_ohne_Eigenverbrauch.pdf" target="_blank" rel="noreferrer noopener">EKw-Feed≥30-150kWp ohne Eigenverbrauch 2027</a></div>



<div class="wp-block-file"><a id="wp-block-file--media-fa4555f7-735b-4b95-89f4-5230e4b98310" href="https://ekw.ch/wp-content/uploads/2026/08/20270101_EKw-Feed_CH_30-150kWp_mit_Eigenverbrauch.pdf" target="_blank" rel="noreferrer noopener">EKw-Feed ≥30 bis <150kWp mit Eigenverbrauch 2027</a></div>



<div class="wp-block-file"><a id="wp-block-file--media-e6b9559c-c6d8-46f3-a7e1-009600043a7f" href="https://ekw.ch/wp-content/uploads/2026/08/20270101_EKw-Feed_CH_ab_150kWp.pdf" target="_blank" rel="noreferrer noopener">EKw-Feed ≥150kWp 2027</a></div>



<p class="wp-block-paragraph"></p>



<h4 class="wp-block-heading">Eigenverbrauchsgemeinschaften</h4>



<div class="wp-block-file"><a id="wp-block-file--media-731070c0-e482-4aa1-81e5-562f837aa237" href="https://ekw.ch/wp-content/uploads/2026/08/20270101_EKw-EVG-vEVG.pdf" target="_blank" rel="noreferrer noopener">EKw-EVG-vEVG 2027</a></div>



<h4 class="wp-block-heading">Kundeninformation zur Strompreisrechnung</h4>



<div class="wp-block-file"><a id="wp-block-file--media-152b11ca-add3-4a35-9259-16ab909c7b18" href="https://ekw.ch/wp-content/uploads/2026/08/20260831_EKw_Kundeninformation_Strompreis_2027_final.pdf" target="_blank" rel="noreferrer noopener">EKw Kundeninformation Strompreis 2027</a></div>



<p class="wp-block-paragraph"></p>



<p class="wp-block-paragraph"></p>

<p>Aktuelles Hier finden Sie die Preisblätter fürs Jahr 2027 Bezüger bis 50&#8217;000 kWh / Jahr Bezüger mit steuerbarer Leistung (Wärmepumpen) Gewerbe- und Industriekunden Spezielle Bezugsverhältnisse Rücklieferungsvergütung Eigenverbrauchsgemeinschaften Kundeninformation zur Strompreisrechnung</p>
