{"id":269,"date":"2024-08-31T00:00:58","date_gmt":"2024-08-31T00:00:58","guid":{"rendered":"https:\/\/ekw.ch\/?page_id=269"},"modified":"2024-11-12T09:55:22","modified_gmt":"2024-11-12T09:55:22","slug":"strompreise-2025","status":"publish","type":"page","link":"https:\/\/ekw.ch\/?page_id=269","title":{"rendered":"Strompreise 2025"},"content":{"rendered":"\n<p class=\"wp-block-paragraph\"><\/p>\n\n\n\n<p class=\"wp-block-paragraph\">Hier finden Sie die Preisbl\u00e4tter f\u00fcrs Jahr <strong>2025<\/strong>.<\/p>\n\n\n\n<h4 class=\"wp-block-heading\">Bez\u00fcger bis 50&#8217;000 kWh \/ Jahr<\/h4>\n\n\n\n<div class=\"wp-block-file\"><a id=\"wp-block-file--media-c1235901-66b3-4704-a359-afe5dcd9228d\" href=\"https:\/\/ekw.ch\/wp-content\/uploads\/2024\/08\/20250101_EKw-Basic_CH.pdf\" target=\"_blank\" rel=\"noreferrer noopener\">EKw-Basic 2025<\/a><\/div>\n\n\n\n<p class=\"wp-block-paragraph\"><\/p>\n\n\n\n<h4 class=\"wp-block-heading\">Bez\u00fcger mit steuerbarer Leistung (W\u00e4rmepumpen)<\/h4>\n\n\n\n<div class=\"wp-block-file\"><a id=\"wp-block-file--media-28a9756e-7ff0-49e7-a210-1a5f28450ce0\" href=\"https:\/\/ekw.ch\/wp-content\/uploads\/2024\/08\/20250101_EKw-PHP_CH.pdf\" target=\"_blank\" rel=\"noreferrer noopener\">EKw-PHP 2025<\/a><\/div>\n\n\n\n<p class=\"wp-block-paragraph\"><\/p>\n\n\n\n<h4 class=\"wp-block-heading\">Grossgewerbe- und Industriekunden<\/h4>\n\n\n\n<div class=\"wp-block-file\"><a id=\"wp-block-file--media-66a581e9-3f7d-49c1-a0f6-b10b9b9d079b\" href=\"https:\/\/ekw.ch\/wp-content\/uploads\/2024\/08\/20250101_EKw-INS_CHKern.pdf\" target=\"_blank\" rel=\"noreferrer noopener\">EKw-INS CH Kern 2025<\/a><\/div>\n\n\n\n<div class=\"wp-block-file\"><a id=\"wp-block-file--media-f9a062f0-8c99-40a2-aa81-b170d5475269\" href=\"https:\/\/ekw.ch\/wp-content\/uploads\/2024\/08\/20250101_EKw-INS_plus_CHKern.pdf\" target=\"_blank\" rel=\"noreferrer noopener\">EKw-INS plus CH Kern 2025<\/a><\/div>\n\n\n\n<div class=\"wp-block-file\"><a id=\"wp-block-file--media-7268e5b8-b406-47a7-b53b-5907fb77adf0\" href=\"https:\/\/ekw.ch\/wp-content\/uploads\/2024\/08\/20250101_EKw-IMS_NN.pdf\" target=\"_blank\" rel=\"noreferrer noopener\">EKw-IMS NN 2025<\/a><\/div>\n\n\n\n<p class=\"wp-block-paragraph\"><\/p>\n\n\n\n<h4 class=\"wp-block-heading\">Spezielle Bezugsverh\u00e4ltnisse<\/h4>\n\n\n\n<div class=\"wp-block-file\"><a id=\"wp-block-file--media-b75883f5-830f-4b3b-984a-22bfda044cf7\" href=\"https:\/\/ekw.ch\/wp-content\/uploads\/2024\/08\/20250101_EKw-Construction_CH.pdf\" target=\"_blank\" rel=\"noreferrer noopener\">EKw-Construction 2025<\/a><\/div>\n\n\n\n<div class=\"wp-block-file\"><a id=\"wp-block-file--media-a26c94d9-afa5-49ad-9019-ffa8443339c9\" href=\"https:\/\/ekw.ch\/wp-content\/uploads\/2024\/08\/20250101_EKw-Construction_BAK_CH.pdf\" target=\"_blank\" rel=\"noreferrer noopener\">EKw-Construction BAK 2025<\/a><\/div>\n\n\n\n<div class=\"wp-block-file\"><a id=\"wp-block-file--media-66c1ab36-5a7f-4550-8ef3-21748af6d6e2\" href=\"https:\/\/ekw.ch\/wp-content\/uploads\/2024\/08\/20250101_EKw-lighting_CH.pdf\" target=\"_blank\" rel=\"noreferrer noopener\">EKw-lighting 2025<\/a><\/div>\n\n\n\n<p class=\"wp-block-paragraph\"><\/p>\n\n\n\n<h4 class=\"wp-block-heading\">R\u00fccklieferungsverg\u00fctung<\/h4>\n\n\n\n<div class=\"wp-block-file\"><a id=\"wp-block-file--media-f0477b0f-9e1b-4a85-b49f-35e81fdd1218\" href=\"https:\/\/ekw.ch\/wp-content\/uploads\/2024\/08\/20250101_EKw-Feed_CH.pdf\" target=\"_blank\" rel=\"noreferrer noopener\">EKw-Feed 2025<\/a><\/div>\n\n\n\n<p class=\"wp-block-paragraph\"><\/p>\n\n\n\n<h4 class=\"wp-block-heading\">Strompreisrechnung<\/h4>\n\n\n\n<div class=\"wp-block-file\"><a id=\"wp-block-file--media-b114c30d-c985-443d-8dec-97778f7e4a51\" href=\"https:\/\/ekw.ch\/wp-content\/uploads\/2024\/08\/20230828_EKW_Kundeninformation_Strompreis_2025_final.pdf\" target=\"_blank\" rel=\"noreferrer noopener\">Kundeninformation_Strompreis 2025<\/a><\/div>\n","protected":false},"excerpt":{"rendered":"<p>Hier finden Sie die Preisbl\u00e4tter f\u00fcrs Jahr 2025. Bez\u00fcger bis 50&#8217;000 kWh \/ Jahr Bez\u00fcger mit steuerbarer Leistung (W\u00e4rmepumpen) Grossgewerbe- und Industriekunden Spezielle Bezugsverh\u00e4ltnisse R\u00fccklieferungsverg\u00fctung Strompreisrechnung<\/p>\n","protected":false},"author":1,"featured_media":0,"parent":0,"menu_order":0,"comment_status":"closed","ping_status":"closed","template":"","meta":{"_acf_changed":false,"footnotes":""},"class_list":["post-269","page","type-page","status-publish","hentry"],"acf":[],"jetpack_sharing_enabled":true,"publishpress_future_action":{"enabled":false,"date":"2026-09-08 07:24:49","action":"change-status","newStatus":"draft","terms":[],"taxonomy":"","extraData":[]},"publishpress_future_workflow_manual_trigger":{"enabledWorkflows":[]},"_links":{"self":[{"href":"https:\/\/ekw.ch\/index.php?rest_route=\/wp\/v2\/pages\/269","targetHints":{"allow":["GET"]}}],"collection":[{"href":"https:\/\/ekw.ch\/index.php?rest_route=\/wp\/v2\/pages"}],"about":[{"href":"https:\/\/ekw.ch\/index.php?rest_route=\/wp\/v2\/types\/page"}],"author":[{"embeddable":true,"href":"https:\/\/ekw.ch\/index.php?rest_route=\/wp\/v2\/users\/1"}],"replies":[{"embeddable":true,"href":"https:\/\/ekw.ch\/index.php?rest_route=%2Fwp%2Fv2%2Fcomments&post=269"}],"version-history":[{"count":15,"href":"https:\/\/ekw.ch\/index.php?rest_route=\/wp\/v2\/pages\/269\/revisions"}],"predecessor-version":[{"id":727,"href":"https:\/\/ekw.ch\/index.php?rest_route=\/wp\/v2\/pages\/269\/revisions\/727"}],"wp:attachment":[{"href":"https:\/\/ekw.ch\/index.php?rest_route=%2Fwp%2Fv2%2Fmedia&parent=269"}],"curies":[{"name":"wp","href":"https:\/\/api.w.org\/{rel}","templated":true}]}}

<p class="wp-block-paragraph"></p>



<p class="wp-block-paragraph">Hier finden Sie die Preisblätter fürs Jahr <strong>2025</strong>.</p>



<h4 class="wp-block-heading">Bezüger bis 50&#8217;000 kWh / Jahr</h4>



<div class="wp-block-file"><a id="wp-block-file--media-c1235901-66b3-4704-a359-afe5dcd9228d" href="https://ekw.ch/wp-content/uploads/2024/08/20250101_EKw-Basic_CH.pdf" target="_blank" rel="noreferrer noopener">EKw-Basic 2025</a></div>



<p class="wp-block-paragraph"></p>



<h4 class="wp-block-heading">Bezüger mit steuerbarer Leistung (Wärmepumpen)</h4>



<div class="wp-block-file"><a id="wp-block-file--media-28a9756e-7ff0-49e7-a210-1a5f28450ce0" href="https://ekw.ch/wp-content/uploads/2024/08/20250101_EKw-PHP_CH.pdf" target="_blank" rel="noreferrer noopener">EKw-PHP 2025</a></div>



<p class="wp-block-paragraph"></p>



<h4 class="wp-block-heading">Grossgewerbe- und Industriekunden</h4>



<div class="wp-block-file"><a id="wp-block-file--media-66a581e9-3f7d-49c1-a0f6-b10b9b9d079b" href="https://ekw.ch/wp-content/uploads/2024/08/20250101_EKw-INS_CHKern.pdf" target="_blank" rel="noreferrer noopener">EKw-INS CH Kern 2025</a></div>



<div class="wp-block-file"><a id="wp-block-file--media-f9a062f0-8c99-40a2-aa81-b170d5475269" href="https://ekw.ch/wp-content/uploads/2024/08/20250101_EKw-INS_plus_CHKern.pdf" target="_blank" rel="noreferrer noopener">EKw-INS plus CH Kern 2025</a></div>



<div class="wp-block-file"><a id="wp-block-file--media-7268e5b8-b406-47a7-b53b-5907fb77adf0" href="https://ekw.ch/wp-content/uploads/2024/08/20250101_EKw-IMS_NN.pdf" target="_blank" rel="noreferrer noopener">EKw-IMS NN 2025</a></div>



<p class="wp-block-paragraph"></p>



<h4 class="wp-block-heading">Spezielle Bezugsverhältnisse</h4>



<div class="wp-block-file"><a id="wp-block-file--media-b75883f5-830f-4b3b-984a-22bfda044cf7" href="https://ekw.ch/wp-content/uploads/2024/08/20250101_EKw-Construction_CH.pdf" target="_blank" rel="noreferrer noopener">EKw-Construction 2025</a></div>



<div class="wp-block-file"><a id="wp-block-file--media-a26c94d9-afa5-49ad-9019-ffa8443339c9" href="https://ekw.ch/wp-content/uploads/2024/08/20250101_EKw-Construction_BAK_CH.pdf" target="_blank" rel="noreferrer noopener">EKw-Construction BAK 2025</a></div>



<div class="wp-block-file"><a id="wp-block-file--media-66c1ab36-5a7f-4550-8ef3-21748af6d6e2" href="https://ekw.ch/wp-content/uploads/2024/08/20250101_EKw-lighting_CH.pdf" target="_blank" rel="noreferrer noopener">EKw-lighting 2025</a></div>



<p class="wp-block-paragraph"></p>



<h4 class="wp-block-heading">Rücklieferungsvergütung</h4>



<div class="wp-block-file"><a id="wp-block-file--media-f0477b0f-9e1b-4a85-b49f-35e81fdd1218" href="https://ekw.ch/wp-content/uploads/2024/08/20250101_EKw-Feed_CH.pdf" target="_blank" rel="noreferrer noopener">EKw-Feed 2025</a></div>



<p class="wp-block-paragraph"></p>



<h4 class="wp-block-heading">Strompreisrechnung</h4>



<div class="wp-block-file"><a id="wp-block-file--media-b114c30d-c985-443d-8dec-97778f7e4a51" href="https://ekw.ch/wp-content/uploads/2024/08/20230828_EKW_Kundeninformation_Strompreis_2025_final.pdf" target="_blank" rel="noreferrer noopener">Kundeninformation_Strompreis 2025</a></div>

<p>Hier finden Sie die Preisblätter fürs Jahr 2025. Bezüger bis 50&#8217;000 kWh / Jahr Bezüger mit steuerbarer Leistung (Wärmepumpen) Grossgewerbe- und Industriekunden Spezielle Bezugsverhältnisse Rücklieferungsvergütung Strompreisrechnung</p>
