{"id":279,"date":"2024-08-17T12:58:34","date_gmt":"2024-08-17T12:58:34","guid":{"rendered":"https:\/\/ekw.ch\/?page_id=279"},"modified":"2024-08-17T12:58:34","modified_gmt":"2024-08-17T12:58:34","slug":"anschlussgesuche-strom-und-kabel-tv","status":"publish","type":"page","link":"https:\/\/ekw.ch\/?page_id=279","title":{"rendered":"Anschlussgesuche &#8211; Strom und Kabel-TV"},"content":{"rendered":"\n<p class=\"wp-block-paragraph\"><\/p>\n\n\n\n<p class=\"wp-block-paragraph\">Sie k\u00f6nnen hier das Anschlussgesuch f\u00fcr den Stromanschluss und \/oder f\u00fcr den Kabel-TV Anschluss als PDF-Datei herunterladen.&nbsp;<\/p>\n\n\n\n<div class=\"wp-block-group\"><div class=\"wp-block-group__inner-container is-layout-constrained wp-block-group-is-layout-constrained\">\n<div class=\"wp-block-file\"><a id=\"wp-block-file--media-854b7c27-a9fb-41bb-8cd3-23cd454a268b\" href=\"https:\/\/ekw.ch\/wp-content\/uploads\/2024\/08\/2018_Anschlusserklrung_Strom_Formular.pdf\" target=\"_blank\" rel=\"noreferrer noopener\">Anschlussgesuch Strom<\/a><\/div>\n\n\n\n<div class=\"wp-block-file\"><a id=\"wp-block-file--media-1a96326b-7756-4a2d-96a2-48aca6bcebaa\" href=\"https:\/\/ekw.ch\/wp-content\/uploads\/2024\/08\/2021_Anschlusserklrung_Kabel-TV_Formular.pdf\" target=\"_blank\" rel=\"noreferrer noopener\">Anschlussgesuch Kabel-TV<\/a><\/div>\n\n\n\n<div class=\"wp-block-file\"><a id=\"wp-block-file--media-7c745f18-ac86-494a-8b52-a5319add6d06\" href=\"https:\/\/ekw.ch\/wp-content\/uploads\/2024\/08\/2021_Bestellung_Baustromanschluss_Formular.pdf\" target=\"_blank\" rel=\"noreferrer noopener\">Anschlussgeschuch Bauanschluss<\/a><\/div>\n<\/div><\/div>\n\n\n\n<p class=\"wp-block-paragraph\"><\/p>\n\n\n\n<p class=\"wp-block-paragraph\"><br>Nach dem Ausf\u00fcllen schicken Sie das Gesuch bitte an:<\/p>\n\n\n\n<p class=\"wp-block-paragraph\">Elektra-Korporation EKW&nbsp;<br>Dorf 39<br>9427 Wolfhalden<\/p>\n\n\n\n<p class=\"wp-block-paragraph\"><\/p>\n\n\n\n<p class=\"wp-block-paragraph\"><\/p>\n\n\n\n<p class=\"wp-block-paragraph\">F\u00fcr die Ansicht und den Ausdruck der Datei ben\u00f6tigen Sie den Adobe Acrobat Reader, <a href=\"https:\/\/get.adobe.com\/de\/reader\/\" data-type=\"link\" data-id=\"https:\/\/get.adobe.com\/de\/reader\/\">den Sie hier gratis downloaden k\u00f6nnen.<\/a><\/p>\n\n\n\n<figure class=\"wp-block-image\"><a href=\"https:\/\/get.adobe.com\/reader\/?loc=de\" target=\"_blank\" rel=\"noreferrer noopener\"><img data-recalc-dims=\"1\" decoding=\"async\" src=\"https:\/\/i0.wp.com\/www.ekw.ch\/images\/Download.jpg?w=525&#038;ssl=1\" alt=\"\"\/><\/a><\/figure>\n\n\n\n<p class=\"wp-block-paragraph\"><\/p>\n","protected":false},"excerpt":{"rendered":"<p>Sie k\u00f6nnen hier das Anschlussgesuch f\u00fcr den Stromanschluss und \/oder f\u00fcr den Kabel-TV Anschluss als PDF-Datei herunterladen.&nbsp; Nach dem Ausf\u00fcllen schicken Sie das Gesuch bitte an: Elektra-Korporation EKW&nbsp;Dorf 399427 Wolfhalden F\u00fcr die Ansicht und den Ausdruck der Datei ben\u00f6tigen Sie den Adobe Acrobat Reader, den Sie hier gratis downloaden k\u00f6nnen.<\/p>\n","protected":false},"author":1,"featured_media":0,"parent":0,"menu_order":0,"comment_status":"closed","ping_status":"closed","template":"","meta":{"_acf_changed":false,"footnotes":""},"class_list":["post-279","page","type-page","status-publish","hentry"],"acf":[],"jetpack_sharing_enabled":true,"publishpress_future_action":{"enabled":false,"date":"2026-09-08 07:24:42","action":"change-status","newStatus":"draft","terms":[],"taxonomy":"","extraData":[]},"publishpress_future_workflow_manual_trigger":{"enabledWorkflows":[]},"_links":{"self":[{"href":"https:\/\/ekw.ch\/index.php?rest_route=\/wp\/v2\/pages\/279","targetHints":{"allow":["GET"]}}],"collection":[{"href":"https:\/\/ekw.ch\/index.php?rest_route=\/wp\/v2\/pages"}],"about":[{"href":"https:\/\/ekw.ch\/index.php?rest_route=\/wp\/v2\/types\/page"}],"author":[{"embeddable":true,"href":"https:\/\/ekw.ch\/index.php?rest_route=\/wp\/v2\/users\/1"}],"replies":[{"embeddable":true,"href":"https:\/\/ekw.ch\/index.php?rest_route=%2Fwp%2Fv2%2Fcomments&post=279"}],"version-history":[{"count":1,"href":"https:\/\/ekw.ch\/index.php?rest_route=\/wp\/v2\/pages\/279\/revisions"}],"predecessor-version":[{"id":283,"href":"https:\/\/ekw.ch\/index.php?rest_route=\/wp\/v2\/pages\/279\/revisions\/283"}],"wp:attachment":[{"href":"https:\/\/ekw.ch\/index.php?rest_route=%2Fwp%2Fv2%2Fmedia&parent=279"}],"curies":[{"name":"wp","href":"https:\/\/api.w.org\/{rel}","templated":true}]}}

<p class="wp-block-paragraph"></p>



<p class="wp-block-paragraph">Sie können hier das Anschlussgesuch für den Stromanschluss und /oder für den Kabel-TV Anschluss als PDF-Datei herunterladen.&nbsp;</p>



<div class="wp-block-group"><div class="wp-block-group__inner-container is-layout-constrained wp-block-group-is-layout-constrained">
<div class="wp-block-file"><a id="wp-block-file--media-854b7c27-a9fb-41bb-8cd3-23cd454a268b" href="https://ekw.ch/wp-content/uploads/2024/08/2018_Anschlusserklrung_Strom_Formular.pdf" target="_blank" rel="noreferrer noopener">Anschlussgesuch Strom</a></div>



<div class="wp-block-file"><a id="wp-block-file--media-1a96326b-7756-4a2d-96a2-48aca6bcebaa" href="https://ekw.ch/wp-content/uploads/2024/08/2021_Anschlusserklrung_Kabel-TV_Formular.pdf" target="_blank" rel="noreferrer noopener">Anschlussgesuch Kabel-TV</a></div>



<div class="wp-block-file"><a id="wp-block-file--media-7c745f18-ac86-494a-8b52-a5319add6d06" href="https://ekw.ch/wp-content/uploads/2024/08/2021_Bestellung_Baustromanschluss_Formular.pdf" target="_blank" rel="noreferrer noopener">Anschlussgeschuch Bauanschluss</a></div>
</div></div>



<p class="wp-block-paragraph"></p>



<p class="wp-block-paragraph"><br>Nach dem Ausfüllen schicken Sie das Gesuch bitte an:</p>



<p class="wp-block-paragraph">Elektra-Korporation EKW&nbsp;<br>Dorf 39<br>9427 Wolfhalden</p>



<p class="wp-block-paragraph"></p>



<p class="wp-block-paragraph"></p>



<p class="wp-block-paragraph">Für die Ansicht und den Ausdruck der Datei benötigen Sie den Adobe Acrobat Reader, <a href="https://get.adobe.com/de/reader/" data-type="link" data-id="https://get.adobe.com/de/reader/">den Sie hier gratis downloaden können.</a></p>



<figure class="wp-block-image"><a href="https://get.adobe.com/reader/?loc=de" target="_blank" rel="noreferrer noopener"><img data-recalc-dims="1" decoding="async" src="https://i0.wp.com/www.ekw.ch/images/Download.jpg?w=525&#038;ssl=1" alt=""/></a></figure>



<p class="wp-block-paragraph"></p>

<p>Sie können hier das Anschlussgesuch für den Stromanschluss und /oder für den Kabel-TV Anschluss als PDF-Datei herunterladen.&nbsp; Nach dem Ausfüllen schicken Sie das Gesuch bitte an: Elektra-Korporation EKW&nbsp;Dorf 399427 Wolfhalden Für die Ansicht und den Ausdruck der Datei benötigen Sie den Adobe Acrobat Reader, den Sie hier gratis downloaden können.</p>
