{"id":467,"date":"2024-08-29T12:35:18","date_gmt":"2024-08-29T12:35:18","guid":{"rendered":"https:\/\/ekw.ch\/?page_id=467"},"modified":"2025-05-28T13:50:21","modified_gmt":"2025-05-28T13:50:21","slug":"partner","status":"publish","type":"page","link":"https:\/\/ekw.ch\/?page_id=467","title":{"rendered":"Unsere Partner"},"content":{"rendered":"\n<div class=\"wp-block-columns is-layout-flex wp-container-core-columns-is-layout-8f761849 wp-block-columns-is-layout-flex\">\n<div class=\"wp-block-column is-layout-flow wp-block-column-is-layout-flow\">\n<figure class=\"wp-block-image size-full\"><a href=\"www.ewz.ch\" target=\"_blank\" rel=\"noreferrer noopener\"><img data-recalc-dims=\"1\" loading=\"lazy\" decoding=\"async\" width=\"500\" height=\"210\" src=\"https:\/\/i0.wp.com\/ekw.ch\/wp-content\/uploads\/2023\/06\/ewz.png?resize=500%2C210&#038;ssl=1\" alt=\"\" class=\"wp-image-149\" srcset=\"https:\/\/i0.wp.com\/ekw.ch\/wp-content\/uploads\/2023\/06\/ewz.png?w=500&amp;ssl=1 500w, https:\/\/i0.wp.com\/ekw.ch\/wp-content\/uploads\/2023\/06\/ewz.png?resize=300%2C126&amp;ssl=1 300w\" sizes=\"auto, (max-width: 500px) 100vw, 500px\" \/><\/a><\/figure>\n\n\n\n<p class=\"wp-block-paragraph\">Die EKW bezieht seit 2016 die Energie vom ewz.<\/p>\n\n\n\n<p class=\"wp-block-paragraph\">Das ewz, Elektrizit\u00e4tswerk der Stadt Z\u00fcrich, liefert uns die Energie seither kosteng\u00fcnstig und zuverl\u00e4ssig.<\/p>\n\n\n\n<p class=\"wp-block-paragraph\"><a href=\"http:\/\/www.ewz.ch\" target=\"_blank\" rel=\"noreferrer noopener\">www.ewz.ch<\/a><\/p>\n<\/div>\n\n\n\n<div class=\"wp-block-column is-layout-flow wp-block-column-is-layout-flow\">\n<figure class=\"wp-block-image size-full\"><img data-recalc-dims=\"1\" loading=\"lazy\" decoding=\"async\" width=\"525\" height=\"93\" src=\"https:\/\/i0.wp.com\/ekw.ch\/wp-content\/uploads\/2024\/08\/ESA_Logo.webp?resize=525%2C93&#038;ssl=1\" alt=\"\" class=\"wp-image-529\" srcset=\"https:\/\/i0.wp.com\/ekw.ch\/wp-content\/uploads\/2024\/08\/ESA_Logo.webp?w=720&amp;ssl=1 720w, https:\/\/i0.wp.com\/ekw.ch\/wp-content\/uploads\/2024\/08\/ESA_Logo.webp?resize=300%2C53&amp;ssl=1 300w\" sizes=\"auto, (max-width: 525px) 100vw, 525px\" \/><\/figure>\n\n\n\n<p class=\"wp-block-paragraph\">Unser Partner:<\/p>\n\n\n\n<p class=\"wp-block-paragraph\">Elektrizit\u00e4tswerke St. Gallen-Appenzell<\/p>\n\n\n\n<p class=\"wp-block-paragraph\"><a href=\"http:\/\/esa-sg.ch\" data-type=\"link\" data-id=\"esa-sg.ch\">esa-sg.ch<\/a><\/p>\n<\/div>\n\n\n\n<div class=\"wp-block-column is-layout-flow wp-block-column-is-layout-flow\">\n<figure class=\"wp-block-image size-large is-resized\"><img data-recalc-dims=\"1\" decoding=\"async\" src=\"https:\/\/i0.wp.com\/www.sunrise.ch\/content\/dam\/sunrise\/corporate\/pictures\/logos\/Sunrise_Vert_Logo_Pos_RGB_PNG.png?w=525&#038;ssl=1\" alt=\"\" style=\"width:138px;height:auto\"\/><\/figure>\n\n\n\n<p class=\"wp-block-paragraph\">Wir beraten Sie gerne in unserem Sunrise Sales Point.<\/p>\n<\/div>\n<\/div>\n\n\n\n<p class=\"wp-block-paragraph\"><\/p>\n\n\n\n<p class=\"wp-block-paragraph\"><a href=\"https:\/\/ekw.ch\/?page_id=21\" data-type=\"page\" data-id=\"21\">Zur\u00fcck zu &#8222;\u00fcber uns&#8220; &gt;<\/a><\/p>\n","protected":false},"excerpt":{"rendered":"<p>Die EKW bezieht seit 2016 die Energie vom ewz. Das ewz, Elektrizit\u00e4tswerk der Stadt Z\u00fcrich, liefert uns die Energie seither kosteng\u00fcnstig und zuverl\u00e4ssig. www.ewz.ch Unser Partner: Elektrizit\u00e4tswerke St. Gallen-Appenzell esa-sg.ch Wir beraten Sie gerne in unserem Sunrise Sales Point. Zur\u00fcck zu &#8222;\u00fcber uns&#8220; &gt;<\/p>\n","protected":false},"author":1,"featured_media":0,"parent":0,"menu_order":0,"comment_status":"closed","ping_status":"closed","template":"","meta":{"_acf_changed":false,"footnotes":""},"class_list":["post-467","page","type-page","status-publish","hentry"],"acf":[],"jetpack_sharing_enabled":true,"publishpress_future_action":{"enabled":false,"date":"2026-09-08 07:24:16","action":"change-status","newStatus":"draft","terms":[],"taxonomy":"","extraData":[]},"publishpress_future_workflow_manual_trigger":{"enabledWorkflows":[]},"_links":{"self":[{"href":"https:\/\/ekw.ch\/index.php?rest_route=\/wp\/v2\/pages\/467","targetHints":{"allow":["GET"]}}],"collection":[{"href":"https:\/\/ekw.ch\/index.php?rest_route=\/wp\/v2\/pages"}],"about":[{"href":"https:\/\/ekw.ch\/index.php?rest_route=\/wp\/v2\/types\/page"}],"author":[{"embeddable":true,"href":"https:\/\/ekw.ch\/index.php?rest_route=\/wp\/v2\/users\/1"}],"replies":[{"embeddable":true,"href":"https:\/\/ekw.ch\/index.php?rest_route=%2Fwp%2Fv2%2Fcomments&post=467"}],"version-history":[{"count":9,"href":"https:\/\/ekw.ch\/index.php?rest_route=\/wp\/v2\/pages\/467\/revisions"}],"predecessor-version":[{"id":1050,"href":"https:\/\/ekw.ch\/index.php?rest_route=\/wp\/v2\/pages\/467\/revisions\/1050"}],"wp:attachment":[{"href":"https:\/\/ekw.ch\/index.php?rest_route=%2Fwp%2Fv2%2Fmedia&parent=467"}],"curies":[{"name":"wp","href":"https:\/\/api.w.org\/{rel}","templated":true}]}}

<div class="wp-block-columns is-layout-flex wp-container-core-columns-is-layout-8f761849 wp-block-columns-is-layout-flex">
<div class="wp-block-column is-layout-flow wp-block-column-is-layout-flow">
<figure class="wp-block-image size-full"><a href="www.ewz.ch" target="_blank" rel="noreferrer noopener"><img data-recalc-dims="1" loading="lazy" decoding="async" width="500" height="210" src="https://i0.wp.com/ekw.ch/wp-content/uploads/2023/06/ewz.png?resize=500%2C210&#038;ssl=1" alt="" class="wp-image-149" srcset="https://i0.wp.com/ekw.ch/wp-content/uploads/2023/06/ewz.png?w=500&amp;ssl=1 500w, https://i0.wp.com/ekw.ch/wp-content/uploads/2023/06/ewz.png?resize=300%2C126&amp;ssl=1 300w" sizes="auto, (max-width: 500px) 100vw, 500px" /></a></figure>



<p class="wp-block-paragraph">Die EKW bezieht seit 2016 die Energie vom ewz.</p>



<p class="wp-block-paragraph">Das ewz, Elektrizitätswerk der Stadt Zürich, liefert uns die Energie seither kostengünstig und zuverlässig.</p>



<p class="wp-block-paragraph"><a href="http://www.ewz.ch" target="_blank" rel="noreferrer noopener">www.ewz.ch</a></p>
</div>



<div class="wp-block-column is-layout-flow wp-block-column-is-layout-flow">
<figure class="wp-block-image size-full"><img data-recalc-dims="1" loading="lazy" decoding="async" width="525" height="93" src="https://i0.wp.com/ekw.ch/wp-content/uploads/2024/08/ESA_Logo.webp?resize=525%2C93&#038;ssl=1" alt="" class="wp-image-529" srcset="https://i0.wp.com/ekw.ch/wp-content/uploads/2024/08/ESA_Logo.webp?w=720&amp;ssl=1 720w, https://i0.wp.com/ekw.ch/wp-content/uploads/2024/08/ESA_Logo.webp?resize=300%2C53&amp;ssl=1 300w" sizes="auto, (max-width: 525px) 100vw, 525px" /></figure>



<p class="wp-block-paragraph">Unser Partner:</p>



<p class="wp-block-paragraph">Elektrizitätswerke St. Gallen-Appenzell</p>



<p class="wp-block-paragraph"><a href="http://esa-sg.ch" data-type="link" data-id="esa-sg.ch">esa-sg.ch</a></p>
</div>



<div class="wp-block-column is-layout-flow wp-block-column-is-layout-flow">
<figure class="wp-block-image size-large is-resized"><img data-recalc-dims="1" decoding="async" src="https://i0.wp.com/www.sunrise.ch/content/dam/sunrise/corporate/pictures/logos/Sunrise_Vert_Logo_Pos_RGB_PNG.png?w=525&#038;ssl=1" alt="" style="width:138px;height:auto"/></figure>



<p class="wp-block-paragraph">Wir beraten Sie gerne in unserem Sunrise Sales Point.</p>
</div>
</div>



<p class="wp-block-paragraph"></p>



<p class="wp-block-paragraph"><a href="https://ekw.ch/?page_id=21" data-type="page" data-id="21">Zurück zu &#8222;über uns&#8220; &gt;</a></p>

<p>Die EKW bezieht seit 2016 die Energie vom ewz. Das ewz, Elektrizitätswerk der Stadt Zürich, liefert uns die Energie seither kostengünstig und zuverlässig. www.ewz.ch Unser Partner: Elektrizitätswerke St. Gallen-Appenzell esa-sg.ch Wir beraten Sie gerne in unserem Sunrise Sales Point. Zurück zu &#8222;über uns&#8220; &gt;</p>
