{"id":469,"date":"2024-08-29T12:35:55","date_gmt":"2024-08-29T12:35:55","guid":{"rendered":"https:\/\/ekw.ch\/?page_id=469"},"modified":"2025-03-12T15:21:48","modified_gmt":"2025-03-12T15:21:48","slug":"geschichte-der-ekw","status":"publish","type":"page","link":"https:\/\/ekw.ch\/?page_id=469","title":{"rendered":"Geschichte der EKW"},"content":{"rendered":"\n<p class=\"wp-block-paragraph\"><\/p>\n\n\n\n<div class=\"wp-block-group alignfull has-background\" style=\"background-color:#ffd45e\"><div class=\"wp-block-group__inner-container is-layout-constrained wp-block-group-is-layout-constrained\">\n<blockquote class=\"wp-block-quote is-layout-flow wp-block-quote-is-layout-flow\">\n<p class=\"has-background wp-block-paragraph\" style=\"background-color:#ffd45e\">Von der Laterne bis zur Elektrizit\u00e4t &#8211; <br>Die Geschichte der\u00a0Elektra Korporation Wolfhalden.<\/p>\n<\/blockquote>\n\n\n\n<h4 class=\"wp-block-heading\">Die Oel-Laternen<\/h4>\n\n\n\n<p class=\"wp-block-paragraph\">Urspr\u00fcnglich sorgte jeder Hausbesitzer durch das Aush\u00e4ngen einer Laterne selber f\u00fcr die Beleuchtung seines Hofes. Im Jahre 1877 wurde von der Lesegesellschaft Dorf die Schaffung einer Strassenbeleuchtung angeregt. Man stellte dann eine Probelampe auf dem Kirchplatz auf und ernannte dazu eine Kommission zur Sicherung des Projektes einer allgemeinen Strassenbeleuchtung. F\u00fcr die Anschaffung von neun Neolinlaternen brauchte es zwei \u00d6lpfannen, eine Holzleiter, ein Anz\u00fcndestock, ein Feilenkloben und Reservebestandteile. Im November 1877 wurde zum Unterhalt der Strassenbeleuchtung die &#8222;Beleuchtungskorporation Wolfhalden&#8220; (BCW) gegr\u00fcndet.<\/p>\n\n\n\n<hr class=\"wp-block-separator has-text-color has-cyan-bluish-gray-color has-alpha-channel-opacity has-cyan-bluish-gray-background-color has-background is-style-wide\"\/>\n\n\n\n<h4 class=\"wp-block-heading\">Die Elektrifizierung<\/h4>\n\n\n<div class=\"wp-block-image\">\n<figure class=\"alignleft size-large is-resized\"><img data-recalc-dims=\"1\" loading=\"lazy\" decoding=\"async\" width=\"525\" height=\"604\" src=\"https:\/\/i0.wp.com\/ekw.ch\/wp-content\/uploads\/2025\/03\/Strassenlampen-gruen-scaled-e1741792395929-890x1024.jpg?resize=525%2C604&#038;ssl=1\" alt=\"\" class=\"wp-image-956\" style=\"width:254px;height:auto\" srcset=\"https:\/\/i0.wp.com\/ekw.ch\/wp-content\/uploads\/2025\/03\/Strassenlampen-gruen-scaled-e1741792395929.jpg?resize=890%2C1024&amp;ssl=1 890w, https:\/\/i0.wp.com\/ekw.ch\/wp-content\/uploads\/2025\/03\/Strassenlampen-gruen-scaled-e1741792395929.jpg?resize=261%2C300&amp;ssl=1 261w, https:\/\/i0.wp.com\/ekw.ch\/wp-content\/uploads\/2025\/03\/Strassenlampen-gruen-scaled-e1741792395929.jpg?resize=768%2C884&amp;ssl=1 768w, https:\/\/i0.wp.com\/ekw.ch\/wp-content\/uploads\/2025\/03\/Strassenlampen-gruen-scaled-e1741792395929.jpg?resize=1334%2C1536&amp;ssl=1 1334w, https:\/\/i0.wp.com\/ekw.ch\/wp-content\/uploads\/2025\/03\/Strassenlampen-gruen-scaled-e1741792395929.jpg?w=1668&amp;ssl=1 1668w, https:\/\/i0.wp.com\/ekw.ch\/wp-content\/uploads\/2025\/03\/Strassenlampen-gruen-scaled-e1741792395929.jpg?w=1050&amp;ssl=1 1050w, https:\/\/i0.wp.com\/ekw.ch\/wp-content\/uploads\/2025\/03\/Strassenlampen-gruen-scaled-e1741792395929.jpg?w=1575&amp;ssl=1 1575w\" sizes=\"auto, (max-width: 767px) 89vw, (max-width: 1000px) 54vw, (max-width: 1071px) 543px, 580px\" \/><\/figure>\n<\/div>\n\n\n<p class=\"wp-block-paragraph\">Bereits 1891 begannen dann die Bem\u00fchungen um die Einf\u00fchrung der elektrischen Beleuchtung. Die Unterhandlungen mit dem Elektrizit\u00e4tswerk Heiden zogen sich bis ins Jahr 1897 und f\u00fchrten zu keinem Ergebnis. Erst im Jahre 1906 konnte dann ein Vertrag mit der &#8222;AG Kraftanlage \u201eBodensee-Thurthal&#8220; abgeschlossen werden. Im gleichen Jahr noch konnte die erste Trafostation an der Hechtgasse in Betrieb genommen werden. Sp\u00e4ter wurde das Beleuchtungsnetz immer weiter in die \u00fcbrigen Gemeindeteile ausgedehnt und zugleich die Elektrifizierung der H\u00e4user vorangetrieben.<br><br>Im Jahre 1960 wurde die ehemalige Beleuchtungskorporation in die jetzige Elektrakorporation (EKW) umgewandelt.<br><br>Im Jahre 2001 wurde die &#8222;Messstation Friedberg&#8220; erneuert und erweitert. Die Messstation wurde total neu gebaut. Der bisherige Bau dient neu als Magazin. Unser Strom-Lieferant, die St.Gallisch-Appenzellischen Kraftwerke (SAK) speisen hier den Strom ein wo er dann durch 15 weitere Trafostationen im ganzen Gemeindegebiet verteilt wird.<\/p>\n\n\n\n<hr class=\"wp-block-separator has-alpha-channel-opacity is-style-wide\"\/>\n\n\n\n<h4 class=\"wp-block-heading\">Die EKW feierte&nbsp;im Jahr 2002 ihr 125 j\u00e4hriges Bestehen.<\/h4>\n\n\n\n<p class=\"wp-block-paragraph\">Die Verwaltung der EKW hatte das Jubil\u00e4umsjahr in drei Aktionen aufgeteilt. Das wohl sch\u00f6nste Verm\u00e4chtnis war das unl\u00e4ngst an die Gemeinde verschenkte Herzogbr\u00f6nneli, dann der am 7. September durchgef\u00fchrte &#8222;Tag der offenen T\u00fcre&#8220; und am 7. Dezember folgte noch die Jubil\u00e4ums HV.<\/p>\n<\/div><\/div>\n\n\n\n<p class=\"wp-block-paragraph\"><\/p>\n\n\n\n<p class=\"wp-block-paragraph\"><a href=\"https:\/\/ekw.ch\/?page_id=21\" data-type=\"page\" data-id=\"21\">Zur\u00fcck zu &#8222;\u00fcber uns&#8220; &gt;<\/a><\/p>\n","protected":false},"excerpt":{"rendered":"<p>Von der Laterne bis zur Elektrizit\u00e4t &#8211; Die Geschichte der\u00a0Elektra Korporation Wolfhalden. Die Oel-Laternen Urspr\u00fcnglich sorgte jeder Hausbesitzer durch das Aush\u00e4ngen einer Laterne selber f\u00fcr die Beleuchtung seines Hofes. Im Jahre 1877 wurde von der Lesegesellschaft Dorf die Schaffung einer Strassenbeleuchtung angeregt. Man stellte dann eine Probelampe auf dem Kirchplatz auf und ernannte dazu eine &hellip; <\/p>\n<p class=\"link-more\"><a href=\"https:\/\/ekw.ch\/?page_id=469\" class=\"more-link\"><span class=\"screen-reader-text\">\u201eGeschichte der EKW\u201c <\/span>weiterlesen<\/a><\/p>\n","protected":false},"author":1,"featured_media":0,"parent":0,"menu_order":0,"comment_status":"closed","ping_status":"closed","template":"","meta":{"_acf_changed":false,"footnotes":""},"class_list":["post-469","page","type-page","status-publish","hentry"],"acf":[],"jetpack_sharing_enabled":true,"publishpress_future_action":{"enabled":false,"date":"2026-09-08 07:24:51","action":"change-status","newStatus":"draft","terms":[],"taxonomy":"","extraData":[]},"publishpress_future_workflow_manual_trigger":{"enabledWorkflows":[]},"_links":{"self":[{"href":"https:\/\/ekw.ch\/index.php?rest_route=\/wp\/v2\/pages\/469","targetHints":{"allow":["GET"]}}],"collection":[{"href":"https:\/\/ekw.ch\/index.php?rest_route=\/wp\/v2\/pages"}],"about":[{"href":"https:\/\/ekw.ch\/index.php?rest_route=\/wp\/v2\/types\/page"}],"author":[{"embeddable":true,"href":"https:\/\/ekw.ch\/index.php?rest_route=\/wp\/v2\/users\/1"}],"replies":[{"embeddable":true,"href":"https:\/\/ekw.ch\/index.php?rest_route=%2Fwp%2Fv2%2Fcomments&post=469"}],"version-history":[{"count":5,"href":"https:\/\/ekw.ch\/index.php?rest_route=\/wp\/v2\/pages\/469\/revisions"}],"predecessor-version":[{"id":958,"href":"https:\/\/ekw.ch\/index.php?rest_route=\/wp\/v2\/pages\/469\/revisions\/958"}],"wp:attachment":[{"href":"https:\/\/ekw.ch\/index.php?rest_route=%2Fwp%2Fv2%2Fmedia&parent=469"}],"curies":[{"name":"wp","href":"https:\/\/api.w.org\/{rel}","templated":true}]}}

<p class="wp-block-paragraph"></p>



<div class="wp-block-group alignfull has-background" style="background-color:#ffd45e"><div class="wp-block-group__inner-container is-layout-constrained wp-block-group-is-layout-constrained">
<blockquote class="wp-block-quote is-layout-flow wp-block-quote-is-layout-flow">
<p class="has-background wp-block-paragraph" style="background-color:#ffd45e">Von der Laterne bis zur Elektrizität &#8211; <br>Die Geschichte der Elektra Korporation Wolfhalden.</p>
</blockquote>



<h4 class="wp-block-heading">Die Oel-Laternen</h4>



<p class="wp-block-paragraph">Ursprünglich sorgte jeder Hausbesitzer durch das Aushängen einer Laterne selber für die Beleuchtung seines Hofes. Im Jahre 1877 wurde von der Lesegesellschaft Dorf die Schaffung einer Strassenbeleuchtung angeregt. Man stellte dann eine Probelampe auf dem Kirchplatz auf und ernannte dazu eine Kommission zur Sicherung des Projektes einer allgemeinen Strassenbeleuchtung. Für die Anschaffung von neun Neolinlaternen brauchte es zwei Ölpfannen, eine Holzleiter, ein Anzündestock, ein Feilenkloben und Reservebestandteile. Im November 1877 wurde zum Unterhalt der Strassenbeleuchtung die &#8222;Beleuchtungskorporation Wolfhalden&#8220; (BCW) gegründet.</p>



<hr class="wp-block-separator has-text-color has-cyan-bluish-gray-color has-alpha-channel-opacity has-cyan-bluish-gray-background-color has-background is-style-wide"/>



<h4 class="wp-block-heading">Die Elektrifizierung</h4>


<div class="wp-block-image">
<figure class="alignleft size-large is-resized"><img data-recalc-dims="1" loading="lazy" decoding="async" width="525" height="604" src="https://i0.wp.com/ekw.ch/wp-content/uploads/2025/03/Strassenlampen-gruen-scaled-e1741792395929-890x1024.jpg?resize=525%2C604&#038;ssl=1" alt="" class="wp-image-956" style="width:254px;height:auto" srcset="https://i0.wp.com/ekw.ch/wp-content/uploads/2025/03/Strassenlampen-gruen-scaled-e1741792395929.jpg?resize=890%2C1024&amp;ssl=1 890w, https://i0.wp.com/ekw.ch/wp-content/uploads/2025/03/Strassenlampen-gruen-scaled-e1741792395929.jpg?resize=261%2C300&amp;ssl=1 261w, https://i0.wp.com/ekw.ch/wp-content/uploads/2025/03/Strassenlampen-gruen-scaled-e1741792395929.jpg?resize=768%2C884&amp;ssl=1 768w, https://i0.wp.com/ekw.ch/wp-content/uploads/2025/03/Strassenlampen-gruen-scaled-e1741792395929.jpg?resize=1334%2C1536&amp;ssl=1 1334w, https://i0.wp.com/ekw.ch/wp-content/uploads/2025/03/Strassenlampen-gruen-scaled-e1741792395929.jpg?w=1668&amp;ssl=1 1668w, https://i0.wp.com/ekw.ch/wp-content/uploads/2025/03/Strassenlampen-gruen-scaled-e1741792395929.jpg?w=1050&amp;ssl=1 1050w, https://i0.wp.com/ekw.ch/wp-content/uploads/2025/03/Strassenlampen-gruen-scaled-e1741792395929.jpg?w=1575&amp;ssl=1 1575w" sizes="auto, (max-width: 767px) 89vw, (max-width: 1000px) 54vw, (max-width: 1071px) 543px, 580px" /></figure>
</div>


<p class="wp-block-paragraph">Bereits 1891 begannen dann die Bemühungen um die Einführung der elektrischen Beleuchtung. Die Unterhandlungen mit dem Elektrizitätswerk Heiden zogen sich bis ins Jahr 1897 und führten zu keinem Ergebnis. Erst im Jahre 1906 konnte dann ein Vertrag mit der &#8222;AG Kraftanlage „Bodensee-Thurthal&#8220; abgeschlossen werden. Im gleichen Jahr noch konnte die erste Trafostation an der Hechtgasse in Betrieb genommen werden. Später wurde das Beleuchtungsnetz immer weiter in die übrigen Gemeindeteile ausgedehnt und zugleich die Elektrifizierung der Häuser vorangetrieben.<br><br>Im Jahre 1960 wurde die ehemalige Beleuchtungskorporation in die jetzige Elektrakorporation (EKW) umgewandelt.<br><br>Im Jahre 2001 wurde die &#8222;Messstation Friedberg&#8220; erneuert und erweitert. Die Messstation wurde total neu gebaut. Der bisherige Bau dient neu als Magazin. Unser Strom-Lieferant, die St.Gallisch-Appenzellischen Kraftwerke (SAK) speisen hier den Strom ein wo er dann durch 15 weitere Trafostationen im ganzen Gemeindegebiet verteilt wird.</p>



<hr class="wp-block-separator has-alpha-channel-opacity is-style-wide"/>



<h4 class="wp-block-heading">Die EKW feierte&nbsp;im Jahr 2002 ihr 125 jähriges Bestehen.</h4>



<p class="wp-block-paragraph">Die Verwaltung der EKW hatte das Jubiläumsjahr in drei Aktionen aufgeteilt. Das wohl schönste Vermächtnis war das unlängst an die Gemeinde verschenkte Herzogbrönneli, dann der am 7. September durchgeführte &#8222;Tag der offenen Türe&#8220; und am 7. Dezember folgte noch die Jubiläums HV.</p>
</div></div>



<p class="wp-block-paragraph"></p>



<p class="wp-block-paragraph"><a href="https://ekw.ch/?page_id=21" data-type="page" data-id="21">Zurück zu &#8222;über uns&#8220; &gt;</a></p>

<p>Von der Laterne bis zur Elektrizität &#8211; Die Geschichte der Elektra Korporation Wolfhalden. Die Oel-Laternen Ursprünglich sorgte jeder Hausbesitzer durch das Aushängen einer Laterne selber für die Beleuchtung seines Hofes. Im Jahre 1877 wurde von der Lesegesellschaft Dorf die Schaffung einer Strassenbeleuchtung angeregt. Man stellte dann eine Probelampe auf dem Kirchplatz auf und ernannte dazu eine &hellip; </p>
<p class="link-more"><a href="https://ekw.ch/?page_id=469" class="more-link"><span class="screen-reader-text">„Geschichte der EKW“ </span>weiterlesen</a></p>
