{"id":7,"date":"2023-06-20T18:10:51","date_gmt":"2023-06-20T18:10:51","guid":{"rendered":"https:\/\/ekw.ch\/?page_id=7"},"modified":"2026-08-31T10:44:38","modified_gmt":"2026-08-31T08:44:38","slug":"home","status":"publish","type":"page","link":"https:\/\/ekw.ch\/","title":{"rendered":"Herzlich willkommen!"},"content":{"rendered":"\n<p class=\"has-normal-font-size wp-block-paragraph\"><strong>Wir begr\u00fcssen Sie herzlich und freuen uns, Ihnen unsere neue Website zu pr\u00e4sentieren.<\/strong><\/p>\n\n\n\n<p class=\"wp-block-paragraph\">Seit \u00fcber 130 Jahren versorgt die EKW die Einwohner und die Industrie von Wolfhalden mit elektrischer Energie. Aber wussten Sie auch, dass wir ein eigenes Kabelnetz betreiben und einen Shop f\u00fcr Internet\/TV und Telefon f\u00fchren?<\/p>\n\n\n\n<p class=\"wp-block-paragraph\">Vielleicht interessiert Sie auch die Geschichte der EKW?<br>Erfahren Sie wie es von der <a href=\"https:\/\/ekw.ch\/?page_id=469\" data-type=\"page\" data-id=\"469\">Laterne zur Elektrizit\u00e4t<\/a> kam.<\/p>\n\n\n\n<p class=\"wp-block-paragraph\"><\/p>\n\n\n\n<div class=\"wp-block-group alignfull has-pale-cyan-blue-background-color has-background\"><div class=\"wp-block-group__inner-container is-layout-constrained wp-block-group-is-layout-constrained\">\n<div class=\"wp-block-group has-pale-cyan-blue-background-color has-background\"><div class=\"wp-block-group__inner-container is-layout-constrained wp-block-group-is-layout-constrained\">\n<h1 class=\"wp-block-heading\"><strong>Aktuelles<\/strong><\/h1>\n\n\n\n<ul class=\"lcp_catlist\" id=\"lcp_instance_0\"><\/ul>\n\n\n\n<p class=\"wp-block-paragraph\">Die neuen <a href=\"https:\/\/ekw.ch\/?page_id=1374\" data-type=\"page\" data-id=\"1096\">Strompreise 2027<\/a> sind aufgeschaltet<\/p>\n<\/div><\/div>\n<\/div><\/div>\n\n\n\n<p class=\"wp-block-paragraph\"><\/p>\n\n\n\n<div class=\"wp-block-group\"><div class=\"wp-block-group__inner-container is-layout-constrained wp-block-group-is-layout-constrained\">\n<div class=\"wp-block-group has-luminous-vivid-amber-background-color has-background\"><div class=\"wp-block-group__inner-container is-layout-constrained wp-block-group-is-layout-constrained\">\n<h2 class=\"wp-block-heading has-text-align-left has-black-color has-text-color has-link-color wp-elements-1\"><strong>24 h-St\u00f6rungsdienst<\/strong><\/h2>\n\n\n\n<p class=\"wp-block-paragraph\">Sie haben einen Versorgungsunterbruch oder einen Schaden an der Infrastruktur festgestellt? <\/p>\n\n\n\n<p class=\"wp-block-paragraph\">Rufen Sie uns an:<br>Pikett-Telefon: <a href=\"tel:+41718912889\" data-type=\"tel\" data-id=\"tel:+41718912889\">+41 71 891 28 89<\/a> <\/p>\n\n\n<div class=\"wp-block-image\">\n<figure class=\"aligncenter size-full is-resized\"><img data-recalc-dims=\"1\" loading=\"lazy\" decoding=\"async\" width=\"525\" height=\"406\" src=\"https:\/\/i0.wp.com\/ekw.ch\/wp-content\/uploads\/2025\/04\/Stromausfall-2.jpg?resize=525%2C406&#038;ssl=1\" alt=\"\" class=\"wp-image-998\" style=\"width:327px;height:auto\" srcset=\"https:\/\/i0.wp.com\/ekw.ch\/wp-content\/uploads\/2025\/04\/Stromausfall-2.jpg?w=1280&amp;ssl=1 1280w, https:\/\/i0.wp.com\/ekw.ch\/wp-content\/uploads\/2025\/04\/Stromausfall-2.jpg?resize=300%2C232&amp;ssl=1 300w, https:\/\/i0.wp.com\/ekw.ch\/wp-content\/uploads\/2025\/04\/Stromausfall-2.jpg?resize=1024%2C791&amp;ssl=1 1024w, https:\/\/i0.wp.com\/ekw.ch\/wp-content\/uploads\/2025\/04\/Stromausfall-2.jpg?resize=768%2C593&amp;ssl=1 768w\" sizes=\"auto, (max-width: 767px) 89vw, (max-width: 1000px) 54vw, (max-width: 1071px) 543px, 580px\" \/><\/figure>\n<\/div>\n\n\n<p class=\"has-small-font-size wp-block-paragraph\">Bitte beachten Sie, dass die Nutzung der Nummer ausserhalb unserer Gesch\u00e4ftszeiten Notf\u00e4llen vorbehalten ist. Sollte kein Notfall vorliegen, erlauben wir uns, Ihnen die Kosten in Rechnung zu stellen.<\/p>\n<\/div><\/div>\n<\/div><\/div>\n\n\n\n<p class=\"wp-block-paragraph\"><\/p>\n","protected":false},"excerpt":{"rendered":"<p>Wir begr\u00fcssen Sie herzlich und freuen uns, Ihnen unsere neue Website zu pr\u00e4sentieren. Seit \u00fcber 130 Jahren versorgt die EKW die Einwohner und die Industrie von Wolfhalden mit elektrischer Energie. Aber wussten Sie auch, dass wir ein eigenes Kabelnetz betreiben und einen Shop f\u00fcr Internet\/TV und Telefon f\u00fchren? Vielleicht interessiert Sie auch die Geschichte der &hellip; <\/p>\n<p class=\"link-more\"><a href=\"https:\/\/ekw.ch\/\" class=\"more-link\"><span class=\"screen-reader-text\">\u201eHerzlich willkommen!\u201c <\/span>weiterlesen<\/a><\/p>\n","protected":false},"author":1,"featured_media":0,"parent":0,"menu_order":0,"comment_status":"closed","ping_status":"closed","template":"","meta":{"_acf_changed":false,"footnotes":""},"class_list":["post-7","page","type-page","status-publish","hentry"],"acf":[],"jetpack_sharing_enabled":true,"publishpress_future_action":{"enabled":false,"date":"2026-09-08 06:55:41","action":"change-status","newStatus":"draft","terms":[],"taxonomy":"","extraData":[]},"publishpress_future_workflow_manual_trigger":{"enabledWorkflows":[]},"_links":{"self":[{"href":"https:\/\/ekw.ch\/index.php?rest_route=\/wp\/v2\/pages\/7","targetHints":{"allow":["GET"]}}],"collection":[{"href":"https:\/\/ekw.ch\/index.php?rest_route=\/wp\/v2\/pages"}],"about":[{"href":"https:\/\/ekw.ch\/index.php?rest_route=\/wp\/v2\/types\/page"}],"author":[{"embeddable":true,"href":"https:\/\/ekw.ch\/index.php?rest_route=\/wp\/v2\/users\/1"}],"replies":[{"embeddable":true,"href":"https:\/\/ekw.ch\/index.php?rest_route=%2Fwp%2Fv2%2Fcomments&post=7"}],"version-history":[{"count":128,"href":"https:\/\/ekw.ch\/index.php?rest_route=\/wp\/v2\/pages\/7\/revisions"}],"predecessor-version":[{"id":1404,"href":"https:\/\/ekw.ch\/index.php?rest_route=\/wp\/v2\/pages\/7\/revisions\/1404"}],"wp:attachment":[{"href":"https:\/\/ekw.ch\/index.php?rest_route=%2Fwp%2Fv2%2Fmedia&parent=7"}],"curies":[{"name":"wp","href":"https:\/\/api.w.org\/{rel}","templated":true}]}}

<p class="has-normal-font-size wp-block-paragraph"><strong>Wir begrüssen Sie herzlich und freuen uns, Ihnen unsere neue Website zu präsentieren.</strong></p>



<p class="wp-block-paragraph">Seit über 130 Jahren versorgt die EKW die Einwohner und die Industrie von Wolfhalden mit elektrischer Energie. Aber wussten Sie auch, dass wir ein eigenes Kabelnetz betreiben und einen Shop für Internet/TV und Telefon führen?</p>



<p class="wp-block-paragraph">Vielleicht interessiert Sie auch die Geschichte der EKW?<br>Erfahren Sie wie es von der <a href="https://ekw.ch/?page_id=469" data-type="page" data-id="469">Laterne zur Elektrizität</a> kam.</p>



<p class="wp-block-paragraph"></p>



<div class="wp-block-group alignfull has-pale-cyan-blue-background-color has-background"><div class="wp-block-group__inner-container is-layout-constrained wp-block-group-is-layout-constrained">
<div class="wp-block-group has-pale-cyan-blue-background-color has-background"><div class="wp-block-group__inner-container is-layout-constrained wp-block-group-is-layout-constrained">
<h1 class="wp-block-heading"><strong>Aktuelles</strong></h1>



<ul class="lcp_catlist" id="lcp_instance_0"></ul>



<p class="wp-block-paragraph">Die neuen <a href="https://ekw.ch/?page_id=1374" data-type="page" data-id="1096">Strompreise 2027</a> sind aufgeschaltet</p>
</div></div>
</div></div>



<p class="wp-block-paragraph"></p>



<div class="wp-block-group"><div class="wp-block-group__inner-container is-layout-constrained wp-block-group-is-layout-constrained">
<div class="wp-block-group has-luminous-vivid-amber-background-color has-background"><div class="wp-block-group__inner-container is-layout-constrained wp-block-group-is-layout-constrained">
<h2 class="wp-block-heading has-text-align-left has-black-color has-text-color has-link-color wp-elements-1"><strong>24 h-Störungsdienst</strong></h2>



<p class="wp-block-paragraph">Sie haben einen Versorgungsunterbruch oder einen Schaden an der Infrastruktur festgestellt? </p>



<p class="wp-block-paragraph">Rufen Sie uns an:<br>Pikett-Telefon: <a href="tel:+41718912889" data-type="tel" data-id="tel:+41718912889">+41 71 891 28 89</a> </p>


<div class="wp-block-image">
<figure class="aligncenter size-full is-resized"><img data-recalc-dims="1" loading="lazy" decoding="async" width="525" height="406" src="https://i0.wp.com/ekw.ch/wp-content/uploads/2025/04/Stromausfall-2.jpg?resize=525%2C406&#038;ssl=1" alt="" class="wp-image-998" style="width:327px;height:auto" srcset="https://i0.wp.com/ekw.ch/wp-content/uploads/2025/04/Stromausfall-2.jpg?w=1280&amp;ssl=1 1280w, https://i0.wp.com/ekw.ch/wp-content/uploads/2025/04/Stromausfall-2.jpg?resize=300%2C232&amp;ssl=1 300w, https://i0.wp.com/ekw.ch/wp-content/uploads/2025/04/Stromausfall-2.jpg?resize=1024%2C791&amp;ssl=1 1024w, https://i0.wp.com/ekw.ch/wp-content/uploads/2025/04/Stromausfall-2.jpg?resize=768%2C593&amp;ssl=1 768w" sizes="auto, (max-width: 767px) 89vw, (max-width: 1000px) 54vw, (max-width: 1071px) 543px, 580px" /></figure>
</div>


<p class="has-small-font-size wp-block-paragraph">Bitte beachten Sie, dass die Nutzung der Nummer ausserhalb unserer Geschäftszeiten Notfällen vorbehalten ist. Sollte kein Notfall vorliegen, erlauben wir uns, Ihnen die Kosten in Rechnung zu stellen.</p>
</div></div>
</div></div>



<p class="wp-block-paragraph"></p>

<p>Wir begrüssen Sie herzlich und freuen uns, Ihnen unsere neue Website zu präsentieren. Seit über 130 Jahren versorgt die EKW die Einwohner und die Industrie von Wolfhalden mit elektrischer Energie. Aber wussten Sie auch, dass wir ein eigenes Kabelnetz betreiben und einen Shop für Internet/TV und Telefon führen? Vielleicht interessiert Sie auch die Geschichte der &hellip; </p>
<p class="link-more"><a href="https://ekw.ch/" class="more-link"><span class="screen-reader-text">„Herzlich willkommen!“ </span>weiterlesen</a></p>
