{"id":796,"date":"2025-10-21T10:37:34","date_gmt":"2025-10-21T08:37:34","guid":{"rendered":"https:\/\/ekw.ch\/?page_id=796"},"modified":"2025-10-21T10:37:34","modified_gmt":"2025-10-21T08:37:34","slug":"leg-lokale-elektrizitaetsgemeinschaften","status":"publish","type":"page","link":"https:\/\/ekw.ch\/?page_id=796","title":{"rendered":"LEG &#8211; Lokale Elektrizit\u00e4tsgemeinschaften"},"content":{"rendered":"\n<p class=\"wp-block-paragraph\">Aufgrund des revidierten Stromversorgungsgesetztes wird es ab dem 01.01.2026 m\u00f6glich lokale Elektrizit\u00e4tsgemeinschaften (LEG) zu gr\u00fcnden. Damit wird der Kauf und Verkauf von lokal produziertem Solarstrom erm\u00f6glicht.<\/p>\n\n\n\n<p class=\"wp-block-paragraph\">Wenn die technischen Voraussetzungen gegeben sind, kann dann lokal produzierter Strom, je nach Netzsituation, innerhalb einer Gemeinschaft verteilt werden. Daf\u00fcr steht das \u00f6ffentliche Verteilnetz zu reduzierten Netznutzungskosten zur Verf\u00fcgung.<\/p>\n\n\n\n<p class=\"has-black-color has-text-color has-link-color wp-elements-1 wp-block-paragraph\">F\u00fcr eine LEG ist die r\u00e4umliche N\u00e4he der Teilnehmer zu ber\u00fccksichtigen. Diese m\u00fcssen sich im gleichen Netzgebiet befinden. <br>Die EKw arbeitet zur Zeit daran, die Details zur Gr\u00fcndung einer LEG vorzubereiten. <br>Anmeldungen nehmen wir ab dem offiziellen Startdatum 01.01.2026 entgegen. <\/p>\n\n\n\n<p class=\"wp-block-paragraph\">Die h\u00e4ufigsten Fragen und Antworten zu einer LEG finden Sie unten in den FAQ.<br><br>Haben Sie noch weitere Fragen? Dann wenden Sie sich bitte direkt an uns,  oder benutzen Sie das Kontaktformular. <\/p>\n\n\n\n<div class=\"wp-block-buttons is-content-justification-center is-layout-flex wp-container-core-buttons-is-layout-5d660988 wp-block-buttons-is-layout-flex\">\n<div class=\"wp-block-button is-style-fill\"><a class=\"wp-block-button__link has-luminous-vivid-amber-color has-vivid-cyan-blue-background-color has-text-color has-background has-link-color has-text-align-center wp-element-button\" href=\"https:\/\/ekw.ch\/?page_id=1216\" style=\"border-radius:10px\">Kontaktformular<\/a><\/div>\n<\/div>\n\n\n\n<p class=\"wp-block-paragraph\">Beispiel einer LEG <br>Szenario: Nicht alle Endverbraucher sind an der LEG beteiligt.<\/p>\n\n\n\n<figure class=\"wp-block-image size-full\"><img data-recalc-dims=\"1\" loading=\"lazy\" decoding=\"async\" width=\"525\" height=\"482\" src=\"https:\/\/i0.wp.com\/ekw.ch\/wp-content\/uploads\/2025\/10\/LEG-Darstellung.jpg?resize=525%2C482&#038;ssl=1\" alt=\"\" class=\"wp-image-1255\" srcset=\"https:\/\/i0.wp.com\/ekw.ch\/wp-content\/uploads\/2025\/10\/LEG-Darstellung.jpg?w=592&amp;ssl=1 592w, https:\/\/i0.wp.com\/ekw.ch\/wp-content\/uploads\/2025\/10\/LEG-Darstellung.jpg?resize=300%2C275&amp;ssl=1 300w\" sizes=\"auto, (max-width: 525px) 100vw, 525px\" \/><\/figure>\n\n\n\n<p class=\"wp-block-paragraph\">Beschreibung:<\/p>\n\n\n\n<ul class=\"wp-block-list\">\n<li>Nicht alle Endverbraucher beteiligen sich an der LEG<\/li>\n\n\n\n<li>Zwei Photovoltaik-Anlagen speisen ihre produzierte Elektrizit\u00e4t in die LEG<\/li>\n\n\n\n<li>Gesamte Produktion der LEG: 90 (Haus A: 50 und Haus B: 40)<\/li>\n\n\n\n<li>Gesamter Verbrauch der LEG: 180 (Haus A: 30 \/ Haus B: 50 \/ Haus C: 50 \/ Haus D: 50)<\/li>\n\n\n\n<li>Aufteilung des LEG-Stroms: Jede Verbrauchsstelle bekommt 90\/180 des eigenen Verbrauchs mit LEG-Strom gedeckt (also 50%)<\/li>\n\n\n\n<li>Die Berechnung erfolgt pro 15-Minuten-Periode<\/li>\n<\/ul>\n\n\n\n<p class=\"has-black-color has-text-color has-link-color has-large-font-size wp-elements-2 wp-block-paragraph\">FAQ<\/p>\n\n\n\n<details class=\"wp-block-details has-vivid-cyan-blue-color has-text-color has-link-color has-medium-font-size wp-elements-3 is-layout-flow wp-block-details-is-layout-flow\"><summary>Ab wann kann eine LEG gegr\u00fcndet werden?<\/summary>\n<p class=\"has-black-color has-text-color has-link-color wp-elements-4 wp-block-paragraph\">Der offizielle Start f\u00fcr eine Anmeldung ist der 01.01.2026<\/p>\n\n\n\n<p class=\"has-black-color has-text-color has-link-color wp-elements-5 wp-block-paragraph\">F\u00fcr die Umsetzung sind verschiedene Abkl\u00e4rungen und technische Pr\u00fcfungen notwendig. Eventuell auch ein Wechsel des Z\u00e4hlers.<br>Daf\u00fcr hat der Netzbetreiber 3 Monate Zeit, beginnend mit dem Zeitpunkt der Einreichung. <br>Daher kann eine LEG fr\u00fchestens per 01.04.2026 aktiv werden.<\/p>\n<\/details>\n\n\n\n<hr class=\"wp-block-separator has-alpha-channel-opacity is-style-wide\"\/>\n\n\n\n<details class=\"wp-block-details has-vivid-cyan-blue-color has-text-color has-link-color has-medium-font-size wp-elements-6 is-layout-flow wp-block-details-is-layout-flow\"><summary>Mit wem kann ich eine LEG bilden?<\/summary>\n<p class=\"has-black-color has-text-color has-link-color has-medium-font-size wp-elements-7 wp-block-paragraph\">F\u00fcr eine LEG ist die r\u00e4umliche N\u00e4he der Teilnehmer zu ber\u00fccksichtigen. <br>Diese wird \u00fcber die Anschlusssituation definiert. F\u00fcr n\u00e4here Ausk\u00fcnfte fragen Sie uns bitte an.<\/p>\n<\/details>\n\n\n\n<hr class=\"wp-block-separator has-alpha-channel-opacity is-style-wide\"\/>\n\n\n\n<details class=\"wp-block-details has-vivid-cyan-blue-color has-text-color has-link-color has-medium-font-size wp-elements-8 is-layout-flow wp-block-details-is-layout-flow\"><summary>Wie wird der Strompreis  berechnet?<\/summary>\n<p class=\"has-black-color has-text-color has-link-color has-medium-font-size wp-elements-9 wp-block-paragraph\">Der Preis f\u00fcr die verkaufte Solarenergie wird vom Produzenten festgelegt und direkt durch ihn oder ein Drittunternehmen an die Teilnehmer verrechnet. Daf\u00fcr bestehen keine gesetzlichen Vorgaben.<\/p>\n\n\n\n<p class=\"has-black-color has-text-color has-link-color wp-elements-10 wp-block-paragraph\">F\u00fcr den Bezug von LEG-Strom gelten folgende reduzierte Netznutzungstarife:<br>&#8211; 40% wenn <strong>keine<\/strong> Spannungstransformation n\u00f6tig ist<br>&#8211; 20% wenn eine Spannungstransformation n\u00f6tig ist<\/p>\n\n\n\n<p class=\"has-black-color has-text-color has-link-color wp-elements-11 wp-block-paragraph\">Diese Komponenten werden weiterhin \u00fcber den Netzbetreiber verrechnet<\/p>\n\n\n\n<ul class=\"wp-block-list\">\n<li class=\"has-black-color has-text-color has-link-color wp-elements-12\">Netznutzung zum reduzierten Tarif, f\u00fcr den intern \u00fcber die LEG bezogenen Strom<\/li>\n\n\n\n<li class=\"has-black-color has-text-color has-link-color wp-elements-13\">Netznutzung zum regul\u00e4ren Tarif f\u00fcr den \u00fcber den Netzbetreiber bezogenen Strom<\/li>\n\n\n\n<li class=\"has-black-color has-text-color has-link-color wp-elements-14\">Reststrom<\/li>\n\n\n\n<li class=\"has-black-color has-text-color has-link-color wp-elements-15\">gesetzliche Abgaben<\/li>\n<\/ul>\n\n\n\n<p class=\"has-black-color has-text-color has-link-color wp-elements-16 wp-block-paragraph\">Die Preise f\u00fcr 2026 finden Sie unter <a href=\"https:\/\/ekw.ch\/?page_id=1096\" data-type=\"page\" data-id=\"1096\">hier.<\/a><\/p>\n<\/details>\n\n\n\n<hr class=\"wp-block-separator has-alpha-channel-opacity is-style-wide\"\/>\n\n\n\n<details class=\"wp-block-details has-vivid-cyan-blue-color has-text-color has-link-color has-medium-font-size wp-elements-17 is-layout-flow wp-block-details-is-layout-flow\"><summary>Bietet die EKw auch die Abwicklung von LEG-Rechnungen an?<\/summary>\n<p class=\"has-black-color has-text-color has-link-color wp-elements-18 wp-block-paragraph\">Gem\u00e4ss den gesetzlichen Vorgaben darf der Verteilnetzbetreiber keine LEG-Leistungen abrechnen. <\/p>\n\n\n\n<p class=\"has-black-color has-text-color has-link-color wp-elements-19 wp-block-paragraph\">Die komplette Verwaltung und Abrechnung \u00fcbernimmt der LEG-Betreiber. Das beinhaltet auch die Ausstellung der Rechnungen f\u00fcr den LEG-Strom an die Teilnehmer.<br>F\u00fcr diese Aufgabe k\u00f6nnen auch Dienstleister eingesetzt werden.<br>Entsprechende Dienstleister finden Sie im Internet.<\/p>\n<\/details>\n\n\n\n<hr class=\"wp-block-separator has-alpha-channel-opacity is-style-wide\"\/>\n\n\n\n<details class=\"wp-block-details has-vivid-cyan-blue-color has-text-color has-link-color has-medium-font-size wp-elements-20 is-layout-flow wp-block-details-is-layout-flow\"><summary>Wie funktioniert die Strommessung?<\/summary>\n<p class=\"has-black-color has-text-color has-link-color wp-elements-21 wp-block-paragraph\">F\u00fcr die korrekte Abrechnung einer LEG m\u00fcssen bei allen Teilnehmenden, SmartMeter (digitale Stromz\u00e4hler) installiert sein oder werden. Diese messen alle 15 Minuten den genauen Bezug.<\/p>\n<\/details>\n\n\n\n<hr class=\"wp-block-separator has-alpha-channel-opacity is-style-wide\"\/>\n\n\n\n<details class=\"wp-block-details has-vivid-cyan-blue-color has-text-color has-link-color has-medium-font-size wp-elements-22 is-layout-flow wp-block-details-is-layout-flow\"><summary>Was muss sonst noch beachtet werden?<\/summary>\n<p class=\"has-black-color has-text-color has-link-color has-medium-font-size wp-elements-23 wp-block-paragraph\">Die Produktionsleistung der Anlage muss mindestens 5% der gesamten Anschlussleistung allerTeilnehmenden betragen. <\/p>\n\n\n\n<hr class=\"wp-block-separator has-alpha-channel-opacity is-style-wide\"\/>\n<\/details>\n\n\n\n<p class=\"wp-block-paragraph\"><\/p>\n","protected":false},"excerpt":{"rendered":"<p>Aufgrund des revidierten Stromversorgungsgesetztes wird es ab dem 01.01.2026 m\u00f6glich lokale Elektrizit\u00e4tsgemeinschaften (LEG) zu gr\u00fcnden. Damit wird der Kauf und Verkauf von lokal produziertem Solarstrom erm\u00f6glicht. Wenn die technischen Voraussetzungen gegeben sind, kann dann lokal produzierter Strom, je nach Netzsituation, innerhalb einer Gemeinschaft verteilt werden. Daf\u00fcr steht das \u00f6ffentliche Verteilnetz zu reduzierten Netznutzungskosten zur Verf\u00fcgung. &hellip; <\/p>\n<p class=\"link-more\"><a href=\"https:\/\/ekw.ch\/?page_id=796\" class=\"more-link\"><span class=\"screen-reader-text\">\u201eLEG &#8211; Lokale Elektrizit\u00e4tsgemeinschaften\u201c <\/span>weiterlesen<\/a><\/p>\n","protected":false},"author":3,"featured_media":0,"parent":0,"menu_order":0,"comment_status":"closed","ping_status":"closed","template":"","meta":{"_acf_changed":false,"footnotes":""},"class_list":["post-796","page","type-page","status-publish","hentry"],"acf":[],"jetpack_sharing_enabled":true,"publishpress_future_action":{"enabled":false,"date":"2026-09-08 07:23:39","action":"change-status","newStatus":"draft","terms":[],"taxonomy":"","extraData":[]},"publishpress_future_workflow_manual_trigger":{"enabledWorkflows":[]},"_links":{"self":[{"href":"https:\/\/ekw.ch\/index.php?rest_route=\/wp\/v2\/pages\/796","targetHints":{"allow":["GET"]}}],"collection":[{"href":"https:\/\/ekw.ch\/index.php?rest_route=\/wp\/v2\/pages"}],"about":[{"href":"https:\/\/ekw.ch\/index.php?rest_route=\/wp\/v2\/types\/page"}],"author":[{"embeddable":true,"href":"https:\/\/ekw.ch\/index.php?rest_route=\/wp\/v2\/users\/3"}],"replies":[{"embeddable":true,"href":"https:\/\/ekw.ch\/index.php?rest_route=%2Fwp%2Fv2%2Fcomments&post=796"}],"version-history":[{"count":62,"href":"https:\/\/ekw.ch\/index.php?rest_route=\/wp\/v2\/pages\/796\/revisions"}],"predecessor-version":[{"id":1262,"href":"https:\/\/ekw.ch\/index.php?rest_route=\/wp\/v2\/pages\/796\/revisions\/1262"}],"wp:attachment":[{"href":"https:\/\/ekw.ch\/index.php?rest_route=%2Fwp%2Fv2%2Fmedia&parent=796"}],"curies":[{"name":"wp","href":"https:\/\/api.w.org\/{rel}","templated":true}]}}

LEG &#8211; Lokale Elektrizitätsgemeinschaften

<p class="wp-block-paragraph">Aufgrund des revidierten Stromversorgungsgesetztes wird es ab dem 01.01.2026 möglich lokale Elektrizitätsgemeinschaften (LEG) zu gründen. Damit wird der Kauf und Verkauf von lokal produziertem Solarstrom ermöglicht.</p>



<p class="wp-block-paragraph">Wenn die technischen Voraussetzungen gegeben sind, kann dann lokal produzierter Strom, je nach Netzsituation, innerhalb einer Gemeinschaft verteilt werden. Dafür steht das öffentliche Verteilnetz zu reduzierten Netznutzungskosten zur Verfügung.</p>



<p class="has-black-color has-text-color has-link-color wp-elements-1 wp-block-paragraph">Für eine LEG ist die räumliche Nähe der Teilnehmer zu berücksichtigen. Diese müssen sich im gleichen Netzgebiet befinden. <br>Die EKw arbeitet zur Zeit daran, die Details zur Gründung einer LEG vorzubereiten. <br>Anmeldungen nehmen wir ab dem offiziellen Startdatum 01.01.2026 entgegen. </p>



<p class="wp-block-paragraph">Die häufigsten Fragen und Antworten zu einer LEG finden Sie unten in den FAQ.<br><br>Haben Sie noch weitere Fragen? Dann wenden Sie sich bitte direkt an uns,  oder benutzen Sie das Kontaktformular. </p>



<div class="wp-block-buttons is-content-justification-center is-layout-flex wp-container-core-buttons-is-layout-5d660988 wp-block-buttons-is-layout-flex">
<div class="wp-block-button is-style-fill"><a class="wp-block-button__link has-luminous-vivid-amber-color has-vivid-cyan-blue-background-color has-text-color has-background has-link-color has-text-align-center wp-element-button" href="https://ekw.ch/?page_id=1216" style="border-radius:10px">Kontaktformular</a></div>
</div>



<p class="wp-block-paragraph">Beispiel einer LEG <br>Szenario: Nicht alle Endverbraucher sind an der LEG beteiligt.</p>



<figure class="wp-block-image size-full"><img data-recalc-dims="1" loading="lazy" decoding="async" width="525" height="482" src="https://i0.wp.com/ekw.ch/wp-content/uploads/2025/10/LEG-Darstellung.jpg?resize=525%2C482&#038;ssl=1" alt="" class="wp-image-1255" srcset="https://i0.wp.com/ekw.ch/wp-content/uploads/2025/10/LEG-Darstellung.jpg?w=592&amp;ssl=1 592w, https://i0.wp.com/ekw.ch/wp-content/uploads/2025/10/LEG-Darstellung.jpg?resize=300%2C275&amp;ssl=1 300w" sizes="auto, (max-width: 525px) 100vw, 525px" /></figure>



<p class="wp-block-paragraph">Beschreibung:</p>



<ul class="wp-block-list">
<li>Nicht alle Endverbraucher beteiligen sich an der LEG</li>



<li>Zwei Photovoltaik-Anlagen speisen ihre produzierte Elektrizität in die LEG</li>



<li>Gesamte Produktion der LEG: 90 (Haus A: 50 und Haus B: 40)</li>



<li>Gesamter Verbrauch der LEG: 180 (Haus A: 30 / Haus B: 50 / Haus C: 50 / Haus D: 50)</li>



<li>Aufteilung des LEG-Stroms: Jede Verbrauchsstelle bekommt 90/180 des eigenen Verbrauchs mit LEG-Strom gedeckt (also 50%)</li>



<li>Die Berechnung erfolgt pro 15-Minuten-Periode</li>
</ul>



<p class="has-black-color has-text-color has-link-color has-large-font-size wp-elements-2 wp-block-paragraph">FAQ</p>



<details class="wp-block-details has-vivid-cyan-blue-color has-text-color has-link-color has-medium-font-size wp-elements-3 is-layout-flow wp-block-details-is-layout-flow"><summary>Ab wann kann eine LEG gegründet werden?</summary>
<p class="has-black-color has-text-color has-link-color wp-elements-4 wp-block-paragraph">Der offizielle Start für eine Anmeldung ist der 01.01.2026</p>



<p class="has-black-color has-text-color has-link-color wp-elements-5 wp-block-paragraph">Für die Umsetzung sind verschiedene Abklärungen und technische Prüfungen notwendig. Eventuell auch ein Wechsel des Zählers.<br>Dafür hat der Netzbetreiber 3 Monate Zeit, beginnend mit dem Zeitpunkt der Einreichung. <br>Daher kann eine LEG frühestens per 01.04.2026 aktiv werden.</p>
</details>



<hr class="wp-block-separator has-alpha-channel-opacity is-style-wide"/>



<details class="wp-block-details has-vivid-cyan-blue-color has-text-color has-link-color has-medium-font-size wp-elements-6 is-layout-flow wp-block-details-is-layout-flow"><summary>Mit wem kann ich eine LEG bilden?</summary>
<p class="has-black-color has-text-color has-link-color has-medium-font-size wp-elements-7 wp-block-paragraph">Für eine LEG ist die räumliche Nähe der Teilnehmer zu berücksichtigen. <br>Diese wird über die Anschlusssituation definiert. Für nähere Auskünfte fragen Sie uns bitte an.</p>
</details>



<hr class="wp-block-separator has-alpha-channel-opacity is-style-wide"/>



<details class="wp-block-details has-vivid-cyan-blue-color has-text-color has-link-color has-medium-font-size wp-elements-8 is-layout-flow wp-block-details-is-layout-flow"><summary>Wie wird der Strompreis  berechnet?</summary>
<p class="has-black-color has-text-color has-link-color has-medium-font-size wp-elements-9 wp-block-paragraph">Der Preis für die verkaufte Solarenergie wird vom Produzenten festgelegt und direkt durch ihn oder ein Drittunternehmen an die Teilnehmer verrechnet. Dafür bestehen keine gesetzlichen Vorgaben.</p>



<p class="has-black-color has-text-color has-link-color wp-elements-10 wp-block-paragraph">Für den Bezug von LEG-Strom gelten folgende reduzierte Netznutzungstarife:<br>&#8211; 40% wenn <strong>keine</strong> Spannungstransformation nötig ist<br>&#8211; 20% wenn eine Spannungstransformation nötig ist</p>



<p class="has-black-color has-text-color has-link-color wp-elements-11 wp-block-paragraph">Diese Komponenten werden weiterhin über den Netzbetreiber verrechnet</p>



<ul class="wp-block-list">
<li class="has-black-color has-text-color has-link-color wp-elements-12">Netznutzung zum reduzierten Tarif, für den intern über die LEG bezogenen Strom</li>



<li class="has-black-color has-text-color has-link-color wp-elements-13">Netznutzung zum regulären Tarif für den über den Netzbetreiber bezogenen Strom</li>



<li class="has-black-color has-text-color has-link-color wp-elements-14">Reststrom</li>



<li class="has-black-color has-text-color has-link-color wp-elements-15">gesetzliche Abgaben</li>
</ul>



<p class="has-black-color has-text-color has-link-color wp-elements-16 wp-block-paragraph">Die Preise für 2026 finden Sie unter <a href="https://ekw.ch/?page_id=1096" data-type="page" data-id="1096">hier.</a></p>
</details>



<hr class="wp-block-separator has-alpha-channel-opacity is-style-wide"/>



<details class="wp-block-details has-vivid-cyan-blue-color has-text-color has-link-color has-medium-font-size wp-elements-17 is-layout-flow wp-block-details-is-layout-flow"><summary>Bietet die EKw auch die Abwicklung von LEG-Rechnungen an?</summary>
<p class="has-black-color has-text-color has-link-color wp-elements-18 wp-block-paragraph">Gemäss den gesetzlichen Vorgaben darf der Verteilnetzbetreiber keine LEG-Leistungen abrechnen. </p>



<p class="has-black-color has-text-color has-link-color wp-elements-19 wp-block-paragraph">Die komplette Verwaltung und Abrechnung übernimmt der LEG-Betreiber. Das beinhaltet auch die Ausstellung der Rechnungen für den LEG-Strom an die Teilnehmer.<br>Für diese Aufgabe können auch Dienstleister eingesetzt werden.<br>Entsprechende Dienstleister finden Sie im Internet.</p>
</details>



<hr class="wp-block-separator has-alpha-channel-opacity is-style-wide"/>



<details class="wp-block-details has-vivid-cyan-blue-color has-text-color has-link-color has-medium-font-size wp-elements-20 is-layout-flow wp-block-details-is-layout-flow"><summary>Wie funktioniert die Strommessung?</summary>
<p class="has-black-color has-text-color has-link-color wp-elements-21 wp-block-paragraph">Für die korrekte Abrechnung einer LEG müssen bei allen Teilnehmenden, SmartMeter (digitale Stromzähler) installiert sein oder werden. Diese messen alle 15 Minuten den genauen Bezug.</p>
</details>



<hr class="wp-block-separator has-alpha-channel-opacity is-style-wide"/>



<details class="wp-block-details has-vivid-cyan-blue-color has-text-color has-link-color has-medium-font-size wp-elements-22 is-layout-flow wp-block-details-is-layout-flow"><summary>Was muss sonst noch beachtet werden?</summary>
<p class="has-black-color has-text-color has-link-color has-medium-font-size wp-elements-23 wp-block-paragraph">Die Produktionsleistung der Anlage muss mindestens 5% der gesamten Anschlussleistung allerTeilnehmenden betragen. </p>



<hr class="wp-block-separator has-alpha-channel-opacity is-style-wide"/>
</details>



<p class="wp-block-paragraph"></p>

<p>Aufgrund des revidierten Stromversorgungsgesetztes wird es ab dem 01.01.2026 möglich lokale Elektrizitätsgemeinschaften (LEG) zu gründen. Damit wird der Kauf und Verkauf von lokal produziertem Solarstrom ermöglicht. Wenn die technischen Voraussetzungen gegeben sind, kann dann lokal produzierter Strom, je nach Netzsituation, innerhalb einer Gemeinschaft verteilt werden. Dafür steht das öffentliche Verteilnetz zu reduzierten Netznutzungskosten zur Verfügung. &hellip; </p>
<p class="link-more"><a href="https://ekw.ch/?page_id=796" class="more-link"><span class="screen-reader-text">„LEG &#8211; Lokale Elektrizitätsgemeinschaften“ </span>weiterlesen</a></p>
